{"id":2237,"date":"2022-02-10T18:36:38","date_gmt":"2022-02-10T17:36:38","guid":{"rendered":"https:\/\/artoislittoral2.com\/?page_id=2237"},"modified":"2022-02-13T21:07:47","modified_gmt":"2022-02-13T20:07:47","slug":"bourlez-bernard","status":"publish","type":"page","link":"https:\/\/artoislittoral2.com\/index.php\/bourlez-bernard\/","title":{"rendered":"BOURLEZ Bernard"},"content":{"rendered":"\t\t<div data-elementor-type=\"wp-page\" data-elementor-id=\"2237\" class=\"elementor elementor-2237\">\n\t\t\t\t\t\t<section class=\"elementor-section elementor-top-section elementor-element elementor-element-30f64e6 elementor-section-boxed elementor-section-height-default elementor-section-height-default\" data-id=\"30f64e6\" data-element_type=\"section\" data-e-type=\"section\">\n\t\t\t\t\t\t<div class=\"elementor-container elementor-column-gap-default\">\n\t\t\t\t\t<div class=\"elementor-column elementor-col-100 elementor-top-column elementor-element elementor-element-977671a\" data-id=\"977671a\" data-element_type=\"column\" data-e-type=\"column\">\n\t\t\t<div class=\"elementor-widget-wrap elementor-element-populated\">\n\t\t\t\t\t\t<div class=\"elementor-element elementor-element-93cbb38 elementor-widget elementor-widget-text-editor\" data-id=\"93cbb38\" data-element_type=\"widget\" data-e-type=\"widget\" data-widget_type=\"text-editor.default\">\n\t\t\t\t<div class=\"elementor-widget-container\">\n\t\t\t\t\t\t\t\t\t<p><span style=\"color: #000000;\"><img decoding=\"async\" class=\"aligncenter wp-image-2241 size-thumbnail\" src=\"https:\/\/artoislittoral2.com\/wp-content\/uploads\/2022\/02\/portrait_bourlez_bernard-150x150.jpg\" alt=\"\" width=\"150\" height=\"150\" \/>Co-pilote, mari\u00e9, retrait\u00e9 <br \/><\/span><\/p><p><span style=\"color: #000000;\">\u00a0<\/span><\/p><p><span style=\"color: #000000;\">Passionn\u00e9 de sport auto depuis toujours, de voitures anciennes et de motos Italiennes (Laverda, Ducati).<\/span><\/p><p><span style=\"color: #000000;\">\u00a0J\u2019ai attrap\u00e9 le virus dans les ann\u00e9es 60 et adolescent,\u00a0 j\u2019utilise mon p\u00e8re comme chauffeur pour \u00eatre spectateur des rallyes (Le Touquet, les Routes Du Nord, Flandres-Hainaut) avec toutes ces voitures qui me feront r\u00eaver (Alpine, CG, Alfa, 911, 8G, NSU TT, Simca rallye).<\/span><\/p><p><span style=\"color: #000000;\">Quittant B\u00e9thune pour la r\u00e9gion Lilloise en 1977, j\u2019adh\u00e8re \u00e0 l\u2019Ecurie \u2018Fleur de Lys\u2019 participant, surtout en Belgique, \u00e0 quelques rallyes, sprints et slalom sur A 112 Abarth en pilote et sur A110 1600S Groupe 3 en co-pilote. J\u2019ai la chance d\u2019y c\u00f4toyer Jean-Marc Ivens, Paul Molon, Philippe Vernier, Bernard Vellemans, Christian Proville, Didier Schoon et bien d\u2019autres.\u00a0 Ma premi\u00e8re coupure avec les rallyes arrive courant 1978.<\/span><\/p><p><span style=\"color: #000000;\">Avec des amis, on cr\u00e9e en 1980 le club de karting \u00ab\u00a0Racing Kart de Lille\u00a0\u00bb et je participe aux championnats r\u00e9gionaux et aux courses amicales Cat\u00e9gorie Inter 120. En 1985, devenu directeur de courses pour la ligue Nord-Picardie, et toujours\u00a0 spectateur des rallyes de la r\u00e9gion, mes quelques mois de ch\u00f4mage me permettent de passer du temps au Garage Peugeot de Roncq o\u00f9 Jean-Marc Ivens est en cours de montage de 205 Turbo 16.<\/span><\/p><p><span style=\"color: #000000;\">Le rallye me rattrape en 1987. De 1988 \u00e0 1998,\u00a0 sur des autos tr\u00e8s diff\u00e9rentes (A112 Abarth groupe F, 5GT Turbo groupe N, Sierra Cosworth Groupe N, BMW M3 Prodrive)\u00a0 je participe\u00a0 \u00e0 14 rallyes r\u00e9gionaux, 17 nationaux (dont une finale de la coupe de France en 1995 \u00e0 Cannes avec l\u2019A112) et Ypres 1989 avec la Cosworth. Second arr\u00eat des rallyes, mais, toujours passionn\u00e9, ma fille et mon dernier pilote m\u2019accompagnent\u00a0 en spectateur.<\/span><\/p><p><span style=\"color: #000000;\">2021 adh\u00e9sion \u00e0 votre ASA et au Stade B\u00e9thunois Automobile, participation \u00e0 quelques \u00e9preuves (Centurions, Picardie, B\u00e9thune, Charlemagne et Route Picardes).<\/span><\/p><p><span style=\"color: #000000;\">Durant la tr\u00eave hivernale, diverses \u00e9volutions sur la voiture et nous voil\u00e0 pr\u00eat pour 2022.<\/span><\/p>\t\t\t\t\t\t\t\t<\/div>\n\t\t\t\t<\/div>\n\t\t\t\t\t<\/div>\n\t\t<\/div>\n\t\t\t\t\t<\/div>\n\t\t<\/section>\n\t\t\t\t<section class=\"elementor-section elementor-top-section elementor-element elementor-element-e921293 elementor-section-boxed elementor-section-height-default elementor-section-height-default\" data-id=\"e921293\" data-element_type=\"section\" data-e-type=\"section\">\n\t\t\t\t\t\t<div class=\"elementor-container elementor-column-gap-default\">\n\t\t\t\t\t<div class=\"elementor-column elementor-col-100 elementor-top-column elementor-element elementor-element-9c46bba\" data-id=\"9c46bba\" data-element_type=\"column\" data-e-type=\"column\">\n\t\t\t<div class=\"elementor-widget-wrap elementor-element-populated\">\n\t\t\t\t\t\t<div class=\"elementor-element elementor-element-5d3e1b8 elementor-widget elementor-widget-image\" data-id=\"5d3e1b8\" data-element_type=\"widget\" data-e-type=\"widget\" data-widget_type=\"image.default\">\n\t\t\t\t<div class=\"elementor-widget-container\">\n\t\t\t\t\t\t\t\t\t\t\t\t\t\t\t<img fetchpriority=\"high\" decoding=\"async\" width=\"640\" height=\"381\" src=\"https:\/\/artoislittoral2.com\/wp-content\/uploads\/2022\/02\/Charlemagne-1024x609.png\" class=\"attachment-large size-large wp-image-2274\" alt=\"\" srcset=\"https:\/\/artoislittoral2.com\/wp-content\/uploads\/2022\/02\/Charlemagne-1024x609.png 1024w, https:\/\/artoislittoral2.com\/wp-content\/uploads\/2022\/02\/Charlemagne-300x180.png 300w, https:\/\/artoislittoral2.com\/wp-content\/uploads\/2022\/02\/Charlemagne-768x457.png 768w, https:\/\/artoislittoral2.com\/wp-content\/uploads\/2022\/02\/Charlemagne-850x506.png 850w, https:\/\/artoislittoral2.com\/wp-content\/uploads\/2022\/02\/Charlemagne.png 1061w\" sizes=\"(max-width: 640px) 100vw, 640px\" \/>\t\t\t\t\t\t\t\t\t\t\t\t\t\t\t<\/div>\n\t\t\t\t<\/div>\n\t\t\t\t\t<\/div>\n\t\t<\/div>\n\t\t\t\t\t<\/div>\n\t\t<\/section>\n\t\t\t\t<section class=\"elementor-section elementor-top-section elementor-element elementor-element-92a581b elementor-section-boxed elementor-section-height-default elementor-section-height-default\" data-id=\"92a581b\" data-element_type=\"section\" data-e-type=\"section\">\n\t\t\t\t\t\t<div class=\"elementor-container elementor-column-gap-default\">\n\t\t\t\t\t<div class=\"elementor-column elementor-col-100 elementor-top-column elementor-element elementor-element-4db9c3c\" data-id=\"4db9c3c\" data-element_type=\"column\" data-e-type=\"column\">\n\t\t\t<div class=\"elementor-widget-wrap elementor-element-populated\">\n\t\t\t\t\t\t<div class=\"elementor-element elementor-element-5c1eb7c elementor-widget elementor-widget-image\" data-id=\"5c1eb7c\" data-element_type=\"widget\" data-e-type=\"widget\" data-widget_type=\"image.default\">\n\t\t\t\t<div class=\"elementor-widget-container\">\n\t\t\t\t\t\t\t\t\t\t\t\t\t\t\t<img decoding=\"async\" width=\"640\" height=\"426\" src=\"https:\/\/artoislittoral2.com\/wp-content\/uploads\/2022\/02\/Clio-Ragnotti-N3-1024x682.jpg\" class=\"attachment-large size-large wp-image-2275\" alt=\"\" srcset=\"https:\/\/artoislittoral2.com\/wp-content\/uploads\/2022\/02\/Clio-Ragnotti-N3-1024x682.jpg 1024w, https:\/\/artoislittoral2.com\/wp-content\/uploads\/2022\/02\/Clio-Ragnotti-N3-300x200.jpg 300w, https:\/\/artoislittoral2.com\/wp-content\/uploads\/2022\/02\/Clio-Ragnotti-N3-768x511.jpg 768w, https:\/\/artoislittoral2.com\/wp-content\/uploads\/2022\/02\/Clio-Ragnotti-N3-850x566.jpg 850w, https:\/\/artoislittoral2.com\/wp-content\/uploads\/2022\/02\/Clio-Ragnotti-N3.jpg 1170w\" sizes=\"(max-width: 640px) 100vw, 640px\" \/>\t\t\t\t\t\t\t\t\t\t\t\t\t\t\t<\/div>\n\t\t\t\t<\/div>\n\t\t\t\t\t<\/div>\n\t\t<\/div>\n\t\t\t\t\t<\/div>\n\t\t<\/section>\n\t\t\t\t<section class=\"elementor-section elementor-top-section elementor-element elementor-element-4ae3a30 elementor-section-boxed elementor-section-height-default elementor-section-height-default\" data-id=\"4ae3a30\" data-element_type=\"section\" data-e-type=\"section\">\n\t\t\t\t\t\t<div class=\"elementor-container elementor-column-gap-default\">\n\t\t\t\t\t<div class=\"elementor-column elementor-col-100 elementor-top-column elementor-element elementor-element-73580a4\" data-id=\"73580a4\" data-element_type=\"column\" data-e-type=\"column\">\n\t\t\t<div class=\"elementor-widget-wrap elementor-element-populated\">\n\t\t\t\t\t\t<div class=\"elementor-element elementor-element-ad2da0c elementor-widget elementor-widget-image\" data-id=\"ad2da0c\" data-element_type=\"widget\" data-e-type=\"widget\" data-widget_type=\"image.default\">\n\t\t\t\t<div class=\"elementor-widget-container\">\n\t\t\t\t\t\t\t\t\t\t\t\t\t\t\t<img loading=\"lazy\" decoding=\"async\" width=\"640\" height=\"309\" src=\"https:\/\/artoislittoral2.com\/wp-content\/uploads\/2022\/02\/avesnois-1024x495.jpg\" class=\"attachment-large size-large wp-image-2279\" alt=\"\" srcset=\"https:\/\/artoislittoral2.com\/wp-content\/uploads\/2022\/02\/avesnois-1024x495.jpg 1024w, https:\/\/artoislittoral2.com\/wp-content\/uploads\/2022\/02\/avesnois-300x145.jpg 300w, https:\/\/artoislittoral2.com\/wp-content\/uploads\/2022\/02\/avesnois-768x371.jpg 768w, https:\/\/artoislittoral2.com\/wp-content\/uploads\/2022\/02\/avesnois-850x411.jpg 850w, https:\/\/artoislittoral2.com\/wp-content\/uploads\/2022\/02\/avesnois.jpg 1119w\" sizes=\"(max-width: 640px) 100vw, 640px\" \/>\t\t\t\t\t\t\t\t\t\t\t\t\t\t\t<\/div>\n\t\t\t\t<\/div>\n\t\t\t\t\t<\/div>\n\t\t<\/div>\n\t\t\t\t\t<\/div>\n\t\t<\/section>\n\t\t\t\t<\/div>\n\t\t","protected":false},"excerpt":{"rendered":"<p>Co-pilote, mari\u00e9, retrait\u00e9 \u00a0 Passionn\u00e9 de sport auto depuis toujours, de voitures anciennes et de motos Italiennes (Laverda, Ducati). \u00a0J\u2019ai attrap\u00e9 le virus dans les ann\u00e9es 60 et adolescent,\u00a0 j\u2019utilise mon p\u00e8re comme chauffeur pour \u00eatre spectateur des rallyes (Le Touquet, les Routes Du Nord, Flandres-Hainaut) avec toutes ces voitures qui me feront r\u00eaver (Alpine,&#8230;<\/p>\n","protected":false},"author":1,"featured_media":0,"parent":0,"menu_order":0,"comment_status":"closed","ping_status":"closed","template":"","meta":{"footnotes":""},"class_list":["post-2237","page","type-page","status-publish","hentry"],"yoast_head":"<!-- This site is optimized with the Yoast SEO plugin v27.3 - https:\/\/yoast.com\/product\/yoast-seo-wordpress\/ -->\n<title>BOURLEZ Bernard - ASA Artois Littoral 2<\/title>\n<meta name=\"robots\" content=\"index, follow, max-snippet:-1, max-image-preview:large, max-video-preview:-1\" \/>\n<link rel=\"canonical\" href=\"https:\/\/artoislittoral2.com\/index.php\/bourlez-bernard\/\" \/>\n<meta property=\"og:locale\" content=\"fr_FR\" \/>\n<meta property=\"og:type\" content=\"article\" \/>\n<meta property=\"og:title\" content=\"BOURLEZ Bernard - ASA Artois Littoral 2\" \/>\n<meta property=\"og:description\" content=\"Co-pilote, mari\u00e9, retrait\u00e9 \u00a0 Passionn\u00e9 de sport auto depuis toujours, de voitures anciennes et de motos Italiennes (Laverda, Ducati). \u00a0J\u2019ai attrap\u00e9 le virus dans les ann\u00e9es 60 et adolescent,\u00a0 j\u2019utilise mon p\u00e8re comme chauffeur pour \u00eatre spectateur des rallyes (Le Touquet, les Routes Du Nord, Flandres-Hainaut) avec toutes ces voitures qui me feront r\u00eaver (Alpine,...\" \/>\n<meta property=\"og:url\" content=\"https:\/\/artoislittoral2.com\/index.php\/bourlez-bernard\/\" \/>\n<meta property=\"og:site_name\" content=\"ASA Artois Littoral 2\" \/>\n<meta property=\"article:modified_time\" content=\"2022-02-13T20:07:47+00:00\" \/>\n<meta property=\"og:image\" content=\"https:\/\/artoislittoral2.com\/wp-content\/uploads\/2022\/02\/portrait_bourlez_bernard-150x150.jpg\" \/>\n<meta name=\"twitter:card\" content=\"summary_large_image\" \/>\n<meta name=\"twitter:label1\" content=\"Dur\u00e9e de lecture estim\u00e9e\" \/>\n\t<meta name=\"twitter:data1\" content=\"3 minutes\" \/>\n<script type=\"application\/ld+json\" class=\"yoast-schema-graph\">{\"@context\":\"https:\\\/\\\/schema.org\",\"@graph\":[{\"@type\":\"WebPage\",\"@id\":\"https:\\\/\\\/artoislittoral2.com\\\/index.php\\\/bourlez-bernard\\\/\",\"url\":\"https:\\\/\\\/artoislittoral2.com\\\/index.php\\\/bourlez-bernard\\\/\",\"name\":\"BOURLEZ Bernard - ASA Artois Littoral 2\",\"isPartOf\":{\"@id\":\"https:\\\/\\\/artoislittoral2.com\\\/#website\"},\"primaryImageOfPage\":{\"@id\":\"https:\\\/\\\/artoislittoral2.com\\\/index.php\\\/bourlez-bernard\\\/#primaryimage\"},\"image\":{\"@id\":\"https:\\\/\\\/artoislittoral2.com\\\/index.php\\\/bourlez-bernard\\\/#primaryimage\"},\"thumbnailUrl\":\"https:\\\/\\\/artoislittoral2.com\\\/wp-content\\\/uploads\\\/2022\\\/02\\\/portrait_bourlez_bernard-150x150.jpg\",\"datePublished\":\"2022-02-10T17:36:38+00:00\",\"dateModified\":\"2022-02-13T20:07:47+00:00\",\"breadcrumb\":{\"@id\":\"https:\\\/\\\/artoislittoral2.com\\\/index.php\\\/bourlez-bernard\\\/#breadcrumb\"},\"inLanguage\":\"fr-FR\",\"potentialAction\":[{\"@type\":\"ReadAction\",\"target\":[\"https:\\\/\\\/artoislittoral2.com\\\/index.php\\\/bourlez-bernard\\\/\"]}]},{\"@type\":\"ImageObject\",\"inLanguage\":\"fr-FR\",\"@id\":\"https:\\\/\\\/artoislittoral2.com\\\/index.php\\\/bourlez-bernard\\\/#primaryimage\",\"url\":\"https:\\\/\\\/artoislittoral2.com\\\/wp-content\\\/uploads\\\/2022\\\/02\\\/portrait_bourlez_bernard.jpg\",\"contentUrl\":\"https:\\\/\\\/artoislittoral2.com\\\/wp-content\\\/uploads\\\/2022\\\/02\\\/portrait_bourlez_bernard.jpg\",\"width\":311,\"height\":364},{\"@type\":\"BreadcrumbList\",\"@id\":\"https:\\\/\\\/artoislittoral2.com\\\/index.php\\\/bourlez-bernard\\\/#breadcrumb\",\"itemListElement\":[{\"@type\":\"ListItem\",\"position\":1,\"name\":\"Accueil\",\"item\":\"https:\\\/\\\/artoislittoral2.com\\\/\"},{\"@type\":\"ListItem\",\"position\":2,\"name\":\"BOURLEZ Bernard\"}]},{\"@type\":\"WebSite\",\"@id\":\"https:\\\/\\\/artoislittoral2.com\\\/#website\",\"url\":\"https:\\\/\\\/artoislittoral2.com\\\/\",\"name\":\"ASA Artois Littoral 2\",\"description\":\"Bienvenue \u00e0 l&#039;ASA Artois Littoral II\",\"publisher\":{\"@id\":\"https:\\\/\\\/artoislittoral2.com\\\/#organization\"},\"potentialAction\":[{\"@type\":\"SearchAction\",\"target\":{\"@type\":\"EntryPoint\",\"urlTemplate\":\"https:\\\/\\\/artoislittoral2.com\\\/?s={search_term_string}\"},\"query-input\":{\"@type\":\"PropertyValueSpecification\",\"valueRequired\":true,\"valueName\":\"search_term_string\"}}],\"inLanguage\":\"fr-FR\"},{\"@type\":\"Organization\",\"@id\":\"https:\\\/\\\/artoislittoral2.com\\\/#organization\",\"name\":\"ASA Artois Littoral 2\",\"url\":\"https:\\\/\\\/artoislittoral2.com\\\/\",\"logo\":{\"@type\":\"ImageObject\",\"inLanguage\":\"fr-FR\",\"@id\":\"https:\\\/\\\/artoislittoral2.com\\\/#\\\/schema\\\/logo\\\/image\\\/\",\"url\":\"https:\\\/\\\/artoislittoral2.com\\\/wp-content\\\/uploads\\\/2025\\\/11\\\/cropped-cropped-bandeau-2025.jpg\",\"contentUrl\":\"https:\\\/\\\/artoislittoral2.com\\\/wp-content\\\/uploads\\\/2025\\\/11\\\/cropped-cropped-bandeau-2025.jpg\",\"width\":960,\"height\":365,\"caption\":\"ASA Artois Littoral 2\"},\"image\":{\"@id\":\"https:\\\/\\\/artoislittoral2.com\\\/#\\\/schema\\\/logo\\\/image\\\/\"}}]}<\/script>\n<!-- \/ Yoast SEO plugin. -->","yoast_head_json":{"title":"BOURLEZ Bernard - ASA Artois Littoral 2","robots":{"index":"index","follow":"follow","max-snippet":"max-snippet:-1","max-image-preview":"max-image-preview:large","max-video-preview":"max-video-preview:-1"},"canonical":"https:\/\/artoislittoral2.com\/index.php\/bourlez-bernard\/","og_locale":"fr_FR","og_type":"article","og_title":"BOURLEZ Bernard - ASA Artois Littoral 2","og_description":"Co-pilote, mari\u00e9, retrait\u00e9 \u00a0 Passionn\u00e9 de sport auto depuis toujours, de voitures anciennes et de motos Italiennes (Laverda, Ducati). \u00a0J\u2019ai attrap\u00e9 le virus dans les ann\u00e9es 60 et adolescent,\u00a0 j\u2019utilise mon p\u00e8re comme chauffeur pour \u00eatre spectateur des rallyes (Le Touquet, les Routes Du Nord, Flandres-Hainaut) avec toutes ces voitures qui me feront r\u00eaver (Alpine,...","og_url":"https:\/\/artoislittoral2.com\/index.php\/bourlez-bernard\/","og_site_name":"ASA Artois Littoral 2","article_modified_time":"2022-02-13T20:07:47+00:00","og_image":[{"url":"https:\/\/artoislittoral2.com\/wp-content\/uploads\/2022\/02\/portrait_bourlez_bernard-150x150.jpg","type":"","width":"","height":""}],"twitter_card":"summary_large_image","twitter_misc":{"Dur\u00e9e de lecture estim\u00e9e":"3 minutes"},"schema":{"@context":"https:\/\/schema.org","@graph":[{"@type":"WebPage","@id":"https:\/\/artoislittoral2.com\/index.php\/bourlez-bernard\/","url":"https:\/\/artoislittoral2.com\/index.php\/bourlez-bernard\/","name":"BOURLEZ Bernard - ASA Artois Littoral 2","isPartOf":{"@id":"https:\/\/artoislittoral2.com\/#website"},"primaryImageOfPage":{"@id":"https:\/\/artoislittoral2.com\/index.php\/bourlez-bernard\/#primaryimage"},"image":{"@id":"https:\/\/artoislittoral2.com\/index.php\/bourlez-bernard\/#primaryimage"},"thumbnailUrl":"https:\/\/artoislittoral2.com\/wp-content\/uploads\/2022\/02\/portrait_bourlez_bernard-150x150.jpg","datePublished":"2022-02-10T17:36:38+00:00","dateModified":"2022-02-13T20:07:47+00:00","breadcrumb":{"@id":"https:\/\/artoislittoral2.com\/index.php\/bourlez-bernard\/#breadcrumb"},"inLanguage":"fr-FR","potentialAction":[{"@type":"ReadAction","target":["https:\/\/artoislittoral2.com\/index.php\/bourlez-bernard\/"]}]},{"@type":"ImageObject","inLanguage":"fr-FR","@id":"https:\/\/artoislittoral2.com\/index.php\/bourlez-bernard\/#primaryimage","url":"https:\/\/artoislittoral2.com\/wp-content\/uploads\/2022\/02\/portrait_bourlez_bernard.jpg","contentUrl":"https:\/\/artoislittoral2.com\/wp-content\/uploads\/2022\/02\/portrait_bourlez_bernard.jpg","width":311,"height":364},{"@type":"BreadcrumbList","@id":"https:\/\/artoislittoral2.com\/index.php\/bourlez-bernard\/#breadcrumb","itemListElement":[{"@type":"ListItem","position":1,"name":"Accueil","item":"https:\/\/artoislittoral2.com\/"},{"@type":"ListItem","position":2,"name":"BOURLEZ Bernard"}]},{"@type":"WebSite","@id":"https:\/\/artoislittoral2.com\/#website","url":"https:\/\/artoislittoral2.com\/","name":"ASA Artois Littoral 2","description":"Bienvenue \u00e0 l&#039;ASA Artois Littoral II","publisher":{"@id":"https:\/\/artoislittoral2.com\/#organization"},"potentialAction":[{"@type":"SearchAction","target":{"@type":"EntryPoint","urlTemplate":"https:\/\/artoislittoral2.com\/?s={search_term_string}"},"query-input":{"@type":"PropertyValueSpecification","valueRequired":true,"valueName":"search_term_string"}}],"inLanguage":"fr-FR"},{"@type":"Organization","@id":"https:\/\/artoislittoral2.com\/#organization","name":"ASA Artois Littoral 2","url":"https:\/\/artoislittoral2.com\/","logo":{"@type":"ImageObject","inLanguage":"fr-FR","@id":"https:\/\/artoislittoral2.com\/#\/schema\/logo\/image\/","url":"https:\/\/artoislittoral2.com\/wp-content\/uploads\/2025\/11\/cropped-cropped-bandeau-2025.jpg","contentUrl":"https:\/\/artoislittoral2.com\/wp-content\/uploads\/2025\/11\/cropped-cropped-bandeau-2025.jpg","width":960,"height":365,"caption":"ASA Artois Littoral 2"},"image":{"@id":"https:\/\/artoislittoral2.com\/#\/schema\/logo\/image\/"}}]}},"jetpack_sharing_enabled":true,"_links":{"self":[{"href":"https:\/\/artoislittoral2.com\/index.php\/wp-json\/wp\/v2\/pages\/2237","targetHints":{"allow":["GET"]}}],"collection":[{"href":"https:\/\/artoislittoral2.com\/index.php\/wp-json\/wp\/v2\/pages"}],"about":[{"href":"https:\/\/artoislittoral2.com\/index.php\/wp-json\/wp\/v2\/types\/page"}],"author":[{"embeddable":true,"href":"https:\/\/artoislittoral2.com\/index.php\/wp-json\/wp\/v2\/users\/1"}],"replies":[{"embeddable":true,"href":"https:\/\/artoislittoral2.com\/index.php\/wp-json\/wp\/v2\/comments?post=2237"}],"version-history":[{"count":12,"href":"https:\/\/artoislittoral2.com\/index.php\/wp-json\/wp\/v2\/pages\/2237\/revisions"}],"predecessor-version":[{"id":2282,"href":"https:\/\/artoislittoral2.com\/index.php\/wp-json\/wp\/v2\/pages\/2237\/revisions\/2282"}],"wp:attachment":[{"href":"https:\/\/artoislittoral2.com\/index.php\/wp-json\/wp\/v2\/media?parent=2237"}],"curies":[{"name":"wp","href":"https:\/\/api.w.org\/{rel}","templated":true}]}}