{"id":4516,"date":"2024-02-04T21:00:05","date_gmt":"2024-02-04T20:00:05","guid":{"rendered":"https:\/\/artoislittoral2.com\/?page_id=4516"},"modified":"2024-02-04T21:02:41","modified_gmt":"2024-02-04T20:02:41","slug":"obin-alexandre","status":"publish","type":"page","link":"https:\/\/artoislittoral2.com\/index.php\/obin-alexandre\/","title":{"rendered":"OBIN Alexandre"},"content":{"rendered":"\t\t<div data-elementor-type=\"wp-page\" data-elementor-id=\"4516\" class=\"elementor elementor-4516\">\n\t\t\t\t\t\t<section class=\"elementor-section elementor-top-section elementor-element elementor-element-aef03bf elementor-section-boxed elementor-section-height-default elementor-section-height-default\" data-id=\"aef03bf\" data-element_type=\"section\" data-e-type=\"section\">\n\t\t\t\t\t\t<div class=\"elementor-container elementor-column-gap-default\">\n\t\t\t\t\t<div class=\"elementor-column elementor-col-100 elementor-top-column elementor-element elementor-element-5a3fb30\" data-id=\"5a3fb30\" data-element_type=\"column\" data-e-type=\"column\">\n\t\t\t<div class=\"elementor-widget-wrap elementor-element-populated\">\n\t\t\t\t\t\t<div class=\"elementor-element elementor-element-cb9f7e7 elementor-widget elementor-widget-text-editor\" data-id=\"cb9f7e7\" data-element_type=\"widget\" data-e-type=\"widget\" data-widget_type=\"text-editor.default\">\n\t\t\t\t<div class=\"elementor-widget-container\">\n\t\t\t\t\t\t\t\t\t<div class=\"moz-text-html\" lang=\"x-unicode\"><div id=\"ydpd31837c1yahoo_quoted_7809323717\" class=\"ydpd31837c1yahoo_quoted\"><div><div><div id=\"ydpd31837c1yiv4397752327\"><div><span style=\"color: #000000;\">Le pilote c&rsquo;est Alexandre Obin 30 ans il est m\u00e9canicien auto\u00a0<\/span><\/div><div><span style=\"color: #000000;\">La copilote (moi) Obin Camile 29ans et je suis infirmi\u00e8re\u00a0<\/span><\/div><div dir=\"ltr\" data-setdir=\"false\"><span style=\"color: #000000;\">nous avons une petite fille de 6ans qui s&rsquo;appelle Zo\u00e9\u00a0<\/span><\/div><div dir=\"ltr\" data-setdir=\"false\"><div><div><span style=\"color: #000000;\">C&rsquo;est la premi\u00e8re ann\u00e9e que nous nous lan\u00e7ons dans le rallye, mon mari \u00e9tait licenci\u00e9 EIV l&rsquo;ann\u00e9e derni\u00e8re mais \u00e7a fait plusieurs ann\u00e9es que nous prenons plaisir d&rsquo;aller dans les champs voir les sp\u00e9ciales de rallye c&rsquo;est un peu du coup un r\u00eave qui se r\u00e9alise enfin<\/span><\/div><\/div><\/div><\/div><\/div><\/div><\/div><\/div>\t\t\t\t\t\t\t\t<\/div>\n\t\t\t\t<\/div>\n\t\t\t\t\t<\/div>\n\t\t<\/div>\n\t\t\t\t\t<\/div>\n\t\t<\/section>\n\t\t\t\t<section class=\"elementor-section elementor-top-section elementor-element elementor-element-bf554fb elementor-section-boxed elementor-section-height-default elementor-section-height-default\" data-id=\"bf554fb\" data-element_type=\"section\" data-e-type=\"section\">\n\t\t\t\t\t\t<div class=\"elementor-container elementor-column-gap-default\">\n\t\t\t\t\t<div class=\"elementor-column elementor-col-50 elementor-top-column elementor-element elementor-element-eb333e4\" data-id=\"eb333e4\" data-element_type=\"column\" data-e-type=\"column\">\n\t\t\t<div class=\"elementor-widget-wrap elementor-element-populated\">\n\t\t\t\t\t\t<div class=\"elementor-element elementor-element-e760b65 elementor-widget elementor-widget-image\" data-id=\"e760b65\" data-element_type=\"widget\" data-e-type=\"widget\" data-widget_type=\"image.default\">\n\t\t\t\t<div class=\"elementor-widget-container\">\n\t\t\t\t\t\t\t\t\t\t\t\t\t\t\t<img fetchpriority=\"high\" decoding=\"async\" width=\"640\" height=\"853\" src=\"https:\/\/artoislittoral2.com\/wp-content\/uploads\/2024\/02\/1000005145-768x1024.jpg\" class=\"attachment-large size-large wp-image-4505\" alt=\"\" srcset=\"https:\/\/artoislittoral2.com\/wp-content\/uploads\/2024\/02\/1000005145-768x1024.jpg 768w, https:\/\/artoislittoral2.com\/wp-content\/uploads\/2024\/02\/1000005145-225x300.jpg 225w, https:\/\/artoislittoral2.com\/wp-content\/uploads\/2024\/02\/1000005145-1152x1536.jpg 1152w, https:\/\/artoislittoral2.com\/wp-content\/uploads\/2024\/02\/1000005145-1536x2048.jpg 1536w, https:\/\/artoislittoral2.com\/wp-content\/uploads\/2024\/02\/1000005145-300x400.jpg 300w, https:\/\/artoislittoral2.com\/wp-content\/uploads\/2024\/02\/1000005145-850x1133.jpg 850w, https:\/\/artoislittoral2.com\/wp-content\/uploads\/2024\/02\/1000005145-scaled.jpg 1920w\" sizes=\"(max-width: 640px) 100vw, 640px\" \/>\t\t\t\t\t\t\t\t\t\t\t\t\t\t\t<\/div>\n\t\t\t\t<\/div>\n\t\t\t\t\t<\/div>\n\t\t<\/div>\n\t\t\t\t<div class=\"elementor-column elementor-col-50 elementor-top-column elementor-element elementor-element-1838a03\" data-id=\"1838a03\" data-element_type=\"column\" data-e-type=\"column\">\n\t\t\t<div class=\"elementor-widget-wrap elementor-element-populated\">\n\t\t\t\t\t\t<div class=\"elementor-element elementor-element-c169ba1 elementor-widget elementor-widget-image\" data-id=\"c169ba1\" data-element_type=\"widget\" data-e-type=\"widget\" data-widget_type=\"image.default\">\n\t\t\t\t<div class=\"elementor-widget-container\">\n\t\t\t\t\t\t\t\t\t\t\t\t\t\t\t<img decoding=\"async\" width=\"640\" height=\"853\" src=\"https:\/\/artoislittoral2.com\/wp-content\/uploads\/2024\/02\/1000005143-768x1024.jpg\" class=\"attachment-large size-large wp-image-4503\" alt=\"\" srcset=\"https:\/\/artoislittoral2.com\/wp-content\/uploads\/2024\/02\/1000005143-768x1024.jpg 768w, https:\/\/artoislittoral2.com\/wp-content\/uploads\/2024\/02\/1000005143-225x300.jpg 225w, https:\/\/artoislittoral2.com\/wp-content\/uploads\/2024\/02\/1000005143-1152x1536.jpg 1152w, https:\/\/artoislittoral2.com\/wp-content\/uploads\/2024\/02\/1000005143-1536x2048.jpg 1536w, https:\/\/artoislittoral2.com\/wp-content\/uploads\/2024\/02\/1000005143-300x400.jpg 300w, https:\/\/artoislittoral2.com\/wp-content\/uploads\/2024\/02\/1000005143-850x1133.jpg 850w, https:\/\/artoislittoral2.com\/wp-content\/uploads\/2024\/02\/1000005143-scaled.jpg 1920w\" sizes=\"(max-width: 640px) 100vw, 640px\" \/>\t\t\t\t\t\t\t\t\t\t\t\t\t\t\t<\/div>\n\t\t\t\t<\/div>\n\t\t\t\t\t<\/div>\n\t\t<\/div>\n\t\t\t\t\t<\/div>\n\t\t<\/section>\n\t\t\t\t<section class=\"elementor-section elementor-top-section elementor-element elementor-element-b19f4a2 elementor-section-boxed elementor-section-height-default elementor-section-height-default\" data-id=\"b19f4a2\" data-element_type=\"section\" data-e-type=\"section\">\n\t\t\t\t\t\t<div class=\"elementor-container elementor-column-gap-default\">\n\t\t\t\t\t<div class=\"elementor-column elementor-col-100 elementor-top-column elementor-element elementor-element-4de64e4\" data-id=\"4de64e4\" data-element_type=\"column\" data-e-type=\"column\">\n\t\t\t<div class=\"elementor-widget-wrap elementor-element-populated\">\n\t\t\t\t\t\t<div class=\"elementor-element elementor-element-407b322 elementor-widget elementor-widget-image\" data-id=\"407b322\" data-element_type=\"widget\" data-e-type=\"widget\" data-widget_type=\"image.default\">\n\t\t\t\t<div class=\"elementor-widget-container\">\n\t\t\t\t\t\t\t\t\t\t\t\t\t\t\t<img decoding=\"async\" width=\"640\" height=\"853\" src=\"https:\/\/artoislittoral2.com\/wp-content\/uploads\/2024\/02\/1000005135-768x1024.jpg\" class=\"attachment-large size-large wp-image-4502\" alt=\"\" srcset=\"https:\/\/artoislittoral2.com\/wp-content\/uploads\/2024\/02\/1000005135-768x1024.jpg 768w, https:\/\/artoislittoral2.com\/wp-content\/uploads\/2024\/02\/1000005135-225x300.jpg 225w, https:\/\/artoislittoral2.com\/wp-content\/uploads\/2024\/02\/1000005135-1152x1536.jpg 1152w, https:\/\/artoislittoral2.com\/wp-content\/uploads\/2024\/02\/1000005135-1536x2048.jpg 1536w, https:\/\/artoislittoral2.com\/wp-content\/uploads\/2024\/02\/1000005135-300x400.jpg 300w, https:\/\/artoislittoral2.com\/wp-content\/uploads\/2024\/02\/1000005135-850x1133.jpg 850w, https:\/\/artoislittoral2.com\/wp-content\/uploads\/2024\/02\/1000005135-scaled.jpg 1920w\" sizes=\"(max-width: 640px) 100vw, 640px\" \/>\t\t\t\t\t\t\t\t\t\t\t\t\t\t\t<\/div>\n\t\t\t\t<\/div>\n\t\t\t\t\t<\/div>\n\t\t<\/div>\n\t\t\t\t\t<\/div>\n\t\t<\/section>\n\t\t\t\t<\/div>\n\t\t","protected":false},"excerpt":{"rendered":"<p>Le pilote c&rsquo;est Alexandre Obin 30 ans il est m\u00e9canicien auto\u00a0La copilote (moi) Obin Camile 29ans et je suis infirmi\u00e8re\u00a0nous avons une petite fille de 6ans qui s&rsquo;appelle Zo\u00e9\u00a0C&rsquo;est la premi\u00e8re ann\u00e9e que nous nous lan\u00e7ons dans le rallye, mon mari \u00e9tait licenci\u00e9 EIV l&rsquo;ann\u00e9e derni\u00e8re mais \u00e7a fait plusieurs ann\u00e9es que nous prenons plaisir&#8230;<\/p>\n","protected":false},"author":1,"featured_media":0,"parent":0,"menu_order":0,"comment_status":"closed","ping_status":"closed","template":"","meta":{"footnotes":""},"class_list":["post-4516","page","type-page","status-publish","hentry"],"yoast_head":"<!-- This site is optimized with the Yoast SEO plugin v27.3 - https:\/\/yoast.com\/product\/yoast-seo-wordpress\/ -->\n<title>OBIN Alexandre - ASA Artois Littoral 2<\/title>\n<meta name=\"robots\" content=\"index, follow, max-snippet:-1, max-image-preview:large, max-video-preview:-1\" \/>\n<link rel=\"canonical\" href=\"https:\/\/artoislittoral2.com\/index.php\/obin-alexandre\/\" \/>\n<meta property=\"og:locale\" content=\"fr_FR\" \/>\n<meta property=\"og:type\" content=\"article\" \/>\n<meta property=\"og:title\" content=\"OBIN Alexandre - ASA Artois Littoral 2\" \/>\n<meta property=\"og:description\" content=\"Le pilote c&rsquo;est Alexandre Obin 30 ans il est m\u00e9canicien auto\u00a0La copilote (moi) Obin Camile 29ans et je suis infirmi\u00e8re\u00a0nous avons une petite fille de 6ans qui s&rsquo;appelle Zo\u00e9\u00a0C&rsquo;est la premi\u00e8re ann\u00e9e que nous nous lan\u00e7ons dans le rallye, mon mari \u00e9tait licenci\u00e9 EIV l&rsquo;ann\u00e9e derni\u00e8re mais \u00e7a fait plusieurs ann\u00e9es que nous prenons plaisir...\" \/>\n<meta property=\"og:url\" content=\"https:\/\/artoislittoral2.com\/index.php\/obin-alexandre\/\" \/>\n<meta property=\"og:site_name\" content=\"ASA Artois Littoral 2\" \/>\n<meta property=\"article:modified_time\" content=\"2024-02-04T20:02:41+00:00\" \/>\n<meta property=\"og:image\" content=\"https:\/\/artoislittoral2.com\/wp-content\/uploads\/2024\/02\/1000005145-768x1024.jpg\" \/>\n<meta name=\"twitter:card\" content=\"summary_large_image\" \/>\n<meta name=\"twitter:label1\" content=\"Dur\u00e9e de lecture estim\u00e9e\" \/>\n\t<meta name=\"twitter:data1\" content=\"1 minute\" \/>\n<script type=\"application\/ld+json\" class=\"yoast-schema-graph\">{\"@context\":\"https:\\\/\\\/schema.org\",\"@graph\":[{\"@type\":\"WebPage\",\"@id\":\"https:\\\/\\\/artoislittoral2.com\\\/index.php\\\/obin-alexandre\\\/\",\"url\":\"https:\\\/\\\/artoislittoral2.com\\\/index.php\\\/obin-alexandre\\\/\",\"name\":\"OBIN Alexandre - ASA Artois Littoral 2\",\"isPartOf\":{\"@id\":\"https:\\\/\\\/artoislittoral2.com\\\/#website\"},\"primaryImageOfPage\":{\"@id\":\"https:\\\/\\\/artoislittoral2.com\\\/index.php\\\/obin-alexandre\\\/#primaryimage\"},\"image\":{\"@id\":\"https:\\\/\\\/artoislittoral2.com\\\/index.php\\\/obin-alexandre\\\/#primaryimage\"},\"thumbnailUrl\":\"https:\\\/\\\/artoislittoral2.com\\\/wp-content\\\/uploads\\\/2024\\\/02\\\/1000005145-768x1024.jpg\",\"datePublished\":\"2024-02-04T20:00:05+00:00\",\"dateModified\":\"2024-02-04T20:02:41+00:00\",\"breadcrumb\":{\"@id\":\"https:\\\/\\\/artoislittoral2.com\\\/index.php\\\/obin-alexandre\\\/#breadcrumb\"},\"inLanguage\":\"fr-FR\",\"potentialAction\":[{\"@type\":\"ReadAction\",\"target\":[\"https:\\\/\\\/artoislittoral2.com\\\/index.php\\\/obin-alexandre\\\/\"]}]},{\"@type\":\"ImageObject\",\"inLanguage\":\"fr-FR\",\"@id\":\"https:\\\/\\\/artoislittoral2.com\\\/index.php\\\/obin-alexandre\\\/#primaryimage\",\"url\":\"https:\\\/\\\/artoislittoral2.com\\\/wp-content\\\/uploads\\\/2024\\\/02\\\/1000005145-scaled.jpg\",\"contentUrl\":\"https:\\\/\\\/artoislittoral2.com\\\/wp-content\\\/uploads\\\/2024\\\/02\\\/1000005145-scaled.jpg\",\"width\":1920,\"height\":2560},{\"@type\":\"BreadcrumbList\",\"@id\":\"https:\\\/\\\/artoislittoral2.com\\\/index.php\\\/obin-alexandre\\\/#breadcrumb\",\"itemListElement\":[{\"@type\":\"ListItem\",\"position\":1,\"name\":\"Accueil\",\"item\":\"https:\\\/\\\/artoislittoral2.com\\\/\"},{\"@type\":\"ListItem\",\"position\":2,\"name\":\"OBIN Alexandre\"}]},{\"@type\":\"WebSite\",\"@id\":\"https:\\\/\\\/artoislittoral2.com\\\/#website\",\"url\":\"https:\\\/\\\/artoislittoral2.com\\\/\",\"name\":\"ASA Artois Littoral 2\",\"description\":\"Bienvenue \u00e0 l&#039;ASA Artois Littoral II\",\"publisher\":{\"@id\":\"https:\\\/\\\/artoislittoral2.com\\\/#organization\"},\"potentialAction\":[{\"@type\":\"SearchAction\",\"target\":{\"@type\":\"EntryPoint\",\"urlTemplate\":\"https:\\\/\\\/artoislittoral2.com\\\/?s={search_term_string}\"},\"query-input\":{\"@type\":\"PropertyValueSpecification\",\"valueRequired\":true,\"valueName\":\"search_term_string\"}}],\"inLanguage\":\"fr-FR\"},{\"@type\":\"Organization\",\"@id\":\"https:\\\/\\\/artoislittoral2.com\\\/#organization\",\"name\":\"ASA Artois Littoral 2\",\"url\":\"https:\\\/\\\/artoislittoral2.com\\\/\",\"logo\":{\"@type\":\"ImageObject\",\"inLanguage\":\"fr-FR\",\"@id\":\"https:\\\/\\\/artoislittoral2.com\\\/#\\\/schema\\\/logo\\\/image\\\/\",\"url\":\"https:\\\/\\\/artoislittoral2.com\\\/wp-content\\\/uploads\\\/2025\\\/11\\\/cropped-cropped-bandeau-2025.jpg\",\"contentUrl\":\"https:\\\/\\\/artoislittoral2.com\\\/wp-content\\\/uploads\\\/2025\\\/11\\\/cropped-cropped-bandeau-2025.jpg\",\"width\":960,\"height\":365,\"caption\":\"ASA Artois Littoral 2\"},\"image\":{\"@id\":\"https:\\\/\\\/artoislittoral2.com\\\/#\\\/schema\\\/logo\\\/image\\\/\"}}]}<\/script>\n<!-- \/ Yoast SEO plugin. -->","yoast_head_json":{"title":"OBIN Alexandre - ASA Artois Littoral 2","robots":{"index":"index","follow":"follow","max-snippet":"max-snippet:-1","max-image-preview":"max-image-preview:large","max-video-preview":"max-video-preview:-1"},"canonical":"https:\/\/artoislittoral2.com\/index.php\/obin-alexandre\/","og_locale":"fr_FR","og_type":"article","og_title":"OBIN Alexandre - ASA Artois Littoral 2","og_description":"Le pilote c&rsquo;est Alexandre Obin 30 ans il est m\u00e9canicien auto\u00a0La copilote (moi) Obin Camile 29ans et je suis infirmi\u00e8re\u00a0nous avons une petite fille de 6ans qui s&rsquo;appelle Zo\u00e9\u00a0C&rsquo;est la premi\u00e8re ann\u00e9e que nous nous lan\u00e7ons dans le rallye, mon mari \u00e9tait licenci\u00e9 EIV l&rsquo;ann\u00e9e derni\u00e8re mais \u00e7a fait plusieurs ann\u00e9es que nous prenons plaisir...","og_url":"https:\/\/artoislittoral2.com\/index.php\/obin-alexandre\/","og_site_name":"ASA Artois Littoral 2","article_modified_time":"2024-02-04T20:02:41+00:00","og_image":[{"url":"https:\/\/artoislittoral2.com\/wp-content\/uploads\/2024\/02\/1000005145-768x1024.jpg","type":"","width":"","height":""}],"twitter_card":"summary_large_image","twitter_misc":{"Dur\u00e9e de lecture estim\u00e9e":"1 minute"},"schema":{"@context":"https:\/\/schema.org","@graph":[{"@type":"WebPage","@id":"https:\/\/artoislittoral2.com\/index.php\/obin-alexandre\/","url":"https:\/\/artoislittoral2.com\/index.php\/obin-alexandre\/","name":"OBIN Alexandre - ASA Artois Littoral 2","isPartOf":{"@id":"https:\/\/artoislittoral2.com\/#website"},"primaryImageOfPage":{"@id":"https:\/\/artoislittoral2.com\/index.php\/obin-alexandre\/#primaryimage"},"image":{"@id":"https:\/\/artoislittoral2.com\/index.php\/obin-alexandre\/#primaryimage"},"thumbnailUrl":"https:\/\/artoislittoral2.com\/wp-content\/uploads\/2024\/02\/1000005145-768x1024.jpg","datePublished":"2024-02-04T20:00:05+00:00","dateModified":"2024-02-04T20:02:41+00:00","breadcrumb":{"@id":"https:\/\/artoislittoral2.com\/index.php\/obin-alexandre\/#breadcrumb"},"inLanguage":"fr-FR","potentialAction":[{"@type":"ReadAction","target":["https:\/\/artoislittoral2.com\/index.php\/obin-alexandre\/"]}]},{"@type":"ImageObject","inLanguage":"fr-FR","@id":"https:\/\/artoislittoral2.com\/index.php\/obin-alexandre\/#primaryimage","url":"https:\/\/artoislittoral2.com\/wp-content\/uploads\/2024\/02\/1000005145-scaled.jpg","contentUrl":"https:\/\/artoislittoral2.com\/wp-content\/uploads\/2024\/02\/1000005145-scaled.jpg","width":1920,"height":2560},{"@type":"BreadcrumbList","@id":"https:\/\/artoislittoral2.com\/index.php\/obin-alexandre\/#breadcrumb","itemListElement":[{"@type":"ListItem","position":1,"name":"Accueil","item":"https:\/\/artoislittoral2.com\/"},{"@type":"ListItem","position":2,"name":"OBIN Alexandre"}]},{"@type":"WebSite","@id":"https:\/\/artoislittoral2.com\/#website","url":"https:\/\/artoislittoral2.com\/","name":"ASA Artois Littoral 2","description":"Bienvenue \u00e0 l&#039;ASA Artois Littoral II","publisher":{"@id":"https:\/\/artoislittoral2.com\/#organization"},"potentialAction":[{"@type":"SearchAction","target":{"@type":"EntryPoint","urlTemplate":"https:\/\/artoislittoral2.com\/?s={search_term_string}"},"query-input":{"@type":"PropertyValueSpecification","valueRequired":true,"valueName":"search_term_string"}}],"inLanguage":"fr-FR"},{"@type":"Organization","@id":"https:\/\/artoislittoral2.com\/#organization","name":"ASA Artois Littoral 2","url":"https:\/\/artoislittoral2.com\/","logo":{"@type":"ImageObject","inLanguage":"fr-FR","@id":"https:\/\/artoislittoral2.com\/#\/schema\/logo\/image\/","url":"https:\/\/artoislittoral2.com\/wp-content\/uploads\/2025\/11\/cropped-cropped-bandeau-2025.jpg","contentUrl":"https:\/\/artoislittoral2.com\/wp-content\/uploads\/2025\/11\/cropped-cropped-bandeau-2025.jpg","width":960,"height":365,"caption":"ASA Artois Littoral 2"},"image":{"@id":"https:\/\/artoislittoral2.com\/#\/schema\/logo\/image\/"}}]}},"jetpack_sharing_enabled":true,"_links":{"self":[{"href":"https:\/\/artoislittoral2.com\/index.php\/wp-json\/wp\/v2\/pages\/4516","targetHints":{"allow":["GET"]}}],"collection":[{"href":"https:\/\/artoislittoral2.com\/index.php\/wp-json\/wp\/v2\/pages"}],"about":[{"href":"https:\/\/artoislittoral2.com\/index.php\/wp-json\/wp\/v2\/types\/page"}],"author":[{"embeddable":true,"href":"https:\/\/artoislittoral2.com\/index.php\/wp-json\/wp\/v2\/users\/1"}],"replies":[{"embeddable":true,"href":"https:\/\/artoislittoral2.com\/index.php\/wp-json\/wp\/v2\/comments?post=4516"}],"version-history":[{"count":6,"href":"https:\/\/artoislittoral2.com\/index.php\/wp-json\/wp\/v2\/pages\/4516\/revisions"}],"predecessor-version":[{"id":4522,"href":"https:\/\/artoislittoral2.com\/index.php\/wp-json\/wp\/v2\/pages\/4516\/revisions\/4522"}],"wp:attachment":[{"href":"https:\/\/artoislittoral2.com\/index.php\/wp-json\/wp\/v2\/media?parent=4516"}],"curies":[{"name":"wp","href":"https:\/\/api.w.org\/{rel}","templated":true}]}}