{"id":4995,"date":"2024-08-01T11:53:28","date_gmt":"2024-08-01T09:53:28","guid":{"rendered":"https:\/\/artoislittoral2.com\/?page_id=4995"},"modified":"2025-09-06T11:45:24","modified_gmt":"2025-09-06T09:45:24","slug":"macron-anthony","status":"publish","type":"page","link":"https:\/\/artoislittoral2.com\/index.php\/macron-anthony\/","title":{"rendered":"MACRON Anthony"},"content":{"rendered":"\t\t<div data-elementor-type=\"wp-page\" data-elementor-id=\"4995\" class=\"elementor elementor-4995\">\n\t\t\t\t\t\t<section class=\"elementor-section elementor-top-section elementor-element elementor-element-c791d09 elementor-section-boxed elementor-section-height-default elementor-section-height-default\" data-id=\"c791d09\" data-element_type=\"section\" data-e-type=\"section\">\n\t\t\t\t\t\t<div class=\"elementor-container elementor-column-gap-default\">\n\t\t\t\t\t<div class=\"elementor-column elementor-col-100 elementor-top-column elementor-element elementor-element-24c9deb\" data-id=\"24c9deb\" data-element_type=\"column\" data-e-type=\"column\">\n\t\t\t<div class=\"elementor-widget-wrap elementor-element-populated\">\n\t\t\t\t\t\t<div class=\"elementor-element elementor-element-c65cd42 elementor-widget elementor-widget-text-editor\" data-id=\"c65cd42\" data-element_type=\"widget\" data-e-type=\"widget\" data-widget_type=\"text-editor.default\">\n\t\t\t\t<div class=\"elementor-widget-container\">\n\t\t\t\t\t\t\t\t\t<div><img fetchpriority=\"high\" decoding=\"async\" class=\"size-medium wp-image-4985 alignleft\" src=\"https:\/\/artoislittoral2.com\/wp-content\/uploads\/2024\/08\/anthony_macron_portrait-296x300.jpg\" alt=\"\" width=\"296\" height=\"300\" srcset=\"https:\/\/artoislittoral2.com\/wp-content\/uploads\/2024\/08\/anthony_macron_portrait-296x300.jpg 296w, https:\/\/artoislittoral2.com\/wp-content\/uploads\/2024\/08\/anthony_macron_portrait-768x778.jpg 768w, https:\/\/artoislittoral2.com\/wp-content\/uploads\/2024\/08\/anthony_macron_portrait-300x304.jpg 300w, https:\/\/artoislittoral2.com\/wp-content\/uploads\/2024\/08\/anthony_macron_portrait-850x861.jpg 850w, https:\/\/artoislittoral2.com\/wp-content\/uploads\/2024\/08\/anthony_macron_portrait.jpg 963w\" sizes=\"(max-width: 296px) 100vw, 296px\" \/><\/div><div>Anthony 31 ans, employ\u00e9 de banque, passionn\u00e9 de sport auto et plus g\u00e9n\u00e9ralement de tout ce qui a quatre roues et un volant; Rallye, circuit, formule 1, endurance, rallye raid, anciennes, youngtimers ou modernes&#8230;.\u00a0<\/div><div>\u00a0<\/div><div>Cette passion m&rsquo;est venue de mon papa, Val\u00e9ry Macron, membre bien connu de l&rsquo;ASA&#8230; Il m&rsquo;a emmen\u00e9 sur les rallyes d\u00e8s que j&rsquo;ai su tenir sur mes jambes !\u00a0<\/div><div>\u00a0<\/div><div>Le plus embl\u00e9matique pour moi c&rsquo;est Le Bethunois, c&rsquo;est le rallye \u00e0 la maison, j&rsquo;ai tr\u00e8s rarement rat\u00e9 une occasion de me rendre en sp\u00e9ciale !<\/div><div>J&rsquo;ai voulu prendre une licence cette ann\u00e9e afin de d\u00e9couvrir le rallye de l&rsquo;int\u00e9rieur en participant en tant que voiture 0 et partager \u00e7a avec mon meilleur pote.<\/div><div>\u00a0<\/div><div>Le but est de se faire plaisir et d&rsquo;apprendre sur nos belles routes du Bethunois !\u00a0<\/div><div>De plus partager cela avec mon p\u00e8re \u00e0 B\u00e9thune, c&rsquo;est quelque-chose d&rsquo;extraordinaire !<\/div><div>\u00a0<\/div><div>Merci encore \u00e0 l&rsquo;ASA pour son aide !<\/div><div>\u00a0<\/div><div>Merci \u00e9galement au Stade Bethunois Automobile de nous permettre de participer \u00e0 cette magnifique \u00e9preuve !<\/div><p>\u00a0<\/p>\t\t\t\t\t\t\t\t<\/div>\n\t\t\t\t<\/div>\n\t\t\t\t\t<\/div>\n\t\t<\/div>\n\t\t\t\t\t<\/div>\n\t\t<\/section>\n\t\t\t\t<section class=\"elementor-section elementor-top-section elementor-element elementor-element-9947558 elementor-section-boxed elementor-section-height-default elementor-section-height-default\" data-id=\"9947558\" data-element_type=\"section\" data-e-type=\"section\">\n\t\t\t\t\t\t<div class=\"elementor-container elementor-column-gap-default\">\n\t\t\t\t\t<div class=\"elementor-column elementor-col-100 elementor-top-column elementor-element elementor-element-eba66d1\" data-id=\"eba66d1\" data-element_type=\"column\" data-e-type=\"column\">\n\t\t\t<div class=\"elementor-widget-wrap elementor-element-populated\">\n\t\t\t\t\t\t<div class=\"elementor-element elementor-element-1d68a42 elementor-widget elementor-widget-text-editor\" data-id=\"1d68a42\" data-element_type=\"widget\" data-e-type=\"widget\" data-widget_type=\"text-editor.default\">\n\t\t\t\t<div class=\"elementor-widget-container\">\n\t\t\t\t\t\t\t\t\t<div>\u00ab\u00a0<\/div>\t\t\t\t\t\t\t\t<\/div>\n\t\t\t\t<\/div>\n\t\t\t\t\t<\/div>\n\t\t<\/div>\n\t\t\t\t\t<\/div>\n\t\t<\/section>\n\t\t\t\t<\/div>\n\t\t","protected":false},"excerpt":{"rendered":"<p>Anthony 31 ans, employ\u00e9 de banque, passionn\u00e9 de sport auto et plus g\u00e9n\u00e9ralement de tout ce qui a quatre roues et un volant; Rallye, circuit, formule 1, endurance, rallye raid, anciennes, youngtimers ou modernes&#8230;.\u00a0\u00a0Cette passion m&rsquo;est venue de mon papa, Val\u00e9ry Macron, membre bien connu de l&rsquo;ASA&#8230; Il m&rsquo;a emmen\u00e9 sur les rallyes d\u00e8s que&#8230;<\/p>\n","protected":false},"author":1,"featured_media":0,"parent":0,"menu_order":0,"comment_status":"closed","ping_status":"closed","template":"","meta":{"footnotes":""},"class_list":["post-4995","page","type-page","status-publish","hentry"],"yoast_head":"<!-- This site is optimized with the Yoast SEO plugin v27.3 - https:\/\/yoast.com\/product\/yoast-seo-wordpress\/ -->\n<title>MACRON Anthony - ASA Artois Littoral 2<\/title>\n<meta name=\"robots\" content=\"index, follow, max-snippet:-1, max-image-preview:large, max-video-preview:-1\" \/>\n<link rel=\"canonical\" href=\"https:\/\/artoislittoral2.com\/index.php\/macron-anthony\/\" \/>\n<meta property=\"og:locale\" content=\"fr_FR\" \/>\n<meta property=\"og:type\" content=\"article\" \/>\n<meta property=\"og:title\" content=\"MACRON Anthony - ASA Artois Littoral 2\" \/>\n<meta property=\"og:description\" content=\"Anthony 31 ans, employ\u00e9 de banque, passionn\u00e9 de sport auto et plus g\u00e9n\u00e9ralement de tout ce qui a quatre roues et un volant; Rallye, circuit, formule 1, endurance, rallye raid, anciennes, youngtimers ou modernes&#8230;.\u00a0\u00a0Cette passion m&rsquo;est venue de mon papa, Val\u00e9ry Macron, membre bien connu de l&rsquo;ASA&#8230; Il m&rsquo;a emmen\u00e9 sur les rallyes d\u00e8s que...\" \/>\n<meta property=\"og:url\" content=\"https:\/\/artoislittoral2.com\/index.php\/macron-anthony\/\" \/>\n<meta property=\"og:site_name\" content=\"ASA Artois Littoral 2\" \/>\n<meta property=\"article:modified_time\" content=\"2025-09-06T09:45:24+00:00\" \/>\n<meta property=\"og:image\" content=\"https:\/\/artoislittoral2.com\/wp-content\/uploads\/2024\/08\/anthony_macron_portrait.jpg\" \/>\n\t<meta property=\"og:image:width\" content=\"963\" \/>\n\t<meta property=\"og:image:height\" content=\"976\" \/>\n\t<meta property=\"og:image:type\" content=\"image\/jpeg\" \/>\n<meta name=\"twitter:card\" content=\"summary_large_image\" \/>\n<meta name=\"twitter:label1\" content=\"Dur\u00e9e de lecture estim\u00e9e\" \/>\n\t<meta name=\"twitter:data1\" content=\"2 minutes\" \/>\n<script type=\"application\/ld+json\" class=\"yoast-schema-graph\">{\"@context\":\"https:\\\/\\\/schema.org\",\"@graph\":[{\"@type\":\"WebPage\",\"@id\":\"https:\\\/\\\/artoislittoral2.com\\\/index.php\\\/macron-anthony\\\/\",\"url\":\"https:\\\/\\\/artoislittoral2.com\\\/index.php\\\/macron-anthony\\\/\",\"name\":\"MACRON Anthony - ASA Artois Littoral 2\",\"isPartOf\":{\"@id\":\"https:\\\/\\\/artoislittoral2.com\\\/#website\"},\"primaryImageOfPage\":{\"@id\":\"https:\\\/\\\/artoislittoral2.com\\\/index.php\\\/macron-anthony\\\/#primaryimage\"},\"image\":{\"@id\":\"https:\\\/\\\/artoislittoral2.com\\\/index.php\\\/macron-anthony\\\/#primaryimage\"},\"thumbnailUrl\":\"https:\\\/\\\/artoislittoral2.com\\\/wp-content\\\/uploads\\\/2024\\\/08\\\/anthony_macron_portrait-296x300.jpg\",\"datePublished\":\"2024-08-01T09:53:28+00:00\",\"dateModified\":\"2025-09-06T09:45:24+00:00\",\"breadcrumb\":{\"@id\":\"https:\\\/\\\/artoislittoral2.com\\\/index.php\\\/macron-anthony\\\/#breadcrumb\"},\"inLanguage\":\"fr-FR\",\"potentialAction\":[{\"@type\":\"ReadAction\",\"target\":[\"https:\\\/\\\/artoislittoral2.com\\\/index.php\\\/macron-anthony\\\/\"]}]},{\"@type\":\"ImageObject\",\"inLanguage\":\"fr-FR\",\"@id\":\"https:\\\/\\\/artoislittoral2.com\\\/index.php\\\/macron-anthony\\\/#primaryimage\",\"url\":\"https:\\\/\\\/artoislittoral2.com\\\/wp-content\\\/uploads\\\/2024\\\/08\\\/anthony_macron_portrait.jpg\",\"contentUrl\":\"https:\\\/\\\/artoislittoral2.com\\\/wp-content\\\/uploads\\\/2024\\\/08\\\/anthony_macron_portrait.jpg\",\"width\":963,\"height\":976},{\"@type\":\"BreadcrumbList\",\"@id\":\"https:\\\/\\\/artoislittoral2.com\\\/index.php\\\/macron-anthony\\\/#breadcrumb\",\"itemListElement\":[{\"@type\":\"ListItem\",\"position\":1,\"name\":\"Accueil\",\"item\":\"https:\\\/\\\/artoislittoral2.com\\\/\"},{\"@type\":\"ListItem\",\"position\":2,\"name\":\"MACRON Anthony\"}]},{\"@type\":\"WebSite\",\"@id\":\"https:\\\/\\\/artoislittoral2.com\\\/#website\",\"url\":\"https:\\\/\\\/artoislittoral2.com\\\/\",\"name\":\"ASA Artois Littoral 2\",\"description\":\"Bienvenue \u00e0 l&#039;ASA Artois Littoral II\",\"publisher\":{\"@id\":\"https:\\\/\\\/artoislittoral2.com\\\/#organization\"},\"potentialAction\":[{\"@type\":\"SearchAction\",\"target\":{\"@type\":\"EntryPoint\",\"urlTemplate\":\"https:\\\/\\\/artoislittoral2.com\\\/?s={search_term_string}\"},\"query-input\":{\"@type\":\"PropertyValueSpecification\",\"valueRequired\":true,\"valueName\":\"search_term_string\"}}],\"inLanguage\":\"fr-FR\"},{\"@type\":\"Organization\",\"@id\":\"https:\\\/\\\/artoislittoral2.com\\\/#organization\",\"name\":\"ASA Artois Littoral 2\",\"url\":\"https:\\\/\\\/artoislittoral2.com\\\/\",\"logo\":{\"@type\":\"ImageObject\",\"inLanguage\":\"fr-FR\",\"@id\":\"https:\\\/\\\/artoislittoral2.com\\\/#\\\/schema\\\/logo\\\/image\\\/\",\"url\":\"https:\\\/\\\/artoislittoral2.com\\\/wp-content\\\/uploads\\\/2025\\\/11\\\/cropped-cropped-bandeau-2025.jpg\",\"contentUrl\":\"https:\\\/\\\/artoislittoral2.com\\\/wp-content\\\/uploads\\\/2025\\\/11\\\/cropped-cropped-bandeau-2025.jpg\",\"width\":960,\"height\":365,\"caption\":\"ASA Artois Littoral 2\"},\"image\":{\"@id\":\"https:\\\/\\\/artoislittoral2.com\\\/#\\\/schema\\\/logo\\\/image\\\/\"}}]}<\/script>\n<!-- \/ Yoast SEO plugin. -->","yoast_head_json":{"title":"MACRON Anthony - ASA Artois Littoral 2","robots":{"index":"index","follow":"follow","max-snippet":"max-snippet:-1","max-image-preview":"max-image-preview:large","max-video-preview":"max-video-preview:-1"},"canonical":"https:\/\/artoislittoral2.com\/index.php\/macron-anthony\/","og_locale":"fr_FR","og_type":"article","og_title":"MACRON Anthony - ASA Artois Littoral 2","og_description":"Anthony 31 ans, employ\u00e9 de banque, passionn\u00e9 de sport auto et plus g\u00e9n\u00e9ralement de tout ce qui a quatre roues et un volant; Rallye, circuit, formule 1, endurance, rallye raid, anciennes, youngtimers ou modernes&#8230;.\u00a0\u00a0Cette passion m&rsquo;est venue de mon papa, Val\u00e9ry Macron, membre bien connu de l&rsquo;ASA&#8230; Il m&rsquo;a emmen\u00e9 sur les rallyes d\u00e8s que...","og_url":"https:\/\/artoislittoral2.com\/index.php\/macron-anthony\/","og_site_name":"ASA Artois Littoral 2","article_modified_time":"2025-09-06T09:45:24+00:00","og_image":[{"width":963,"height":976,"url":"https:\/\/artoislittoral2.com\/wp-content\/uploads\/2024\/08\/anthony_macron_portrait.jpg","type":"image\/jpeg"}],"twitter_card":"summary_large_image","twitter_misc":{"Dur\u00e9e de lecture estim\u00e9e":"2 minutes"},"schema":{"@context":"https:\/\/schema.org","@graph":[{"@type":"WebPage","@id":"https:\/\/artoislittoral2.com\/index.php\/macron-anthony\/","url":"https:\/\/artoislittoral2.com\/index.php\/macron-anthony\/","name":"MACRON Anthony - ASA Artois Littoral 2","isPartOf":{"@id":"https:\/\/artoislittoral2.com\/#website"},"primaryImageOfPage":{"@id":"https:\/\/artoislittoral2.com\/index.php\/macron-anthony\/#primaryimage"},"image":{"@id":"https:\/\/artoislittoral2.com\/index.php\/macron-anthony\/#primaryimage"},"thumbnailUrl":"https:\/\/artoislittoral2.com\/wp-content\/uploads\/2024\/08\/anthony_macron_portrait-296x300.jpg","datePublished":"2024-08-01T09:53:28+00:00","dateModified":"2025-09-06T09:45:24+00:00","breadcrumb":{"@id":"https:\/\/artoislittoral2.com\/index.php\/macron-anthony\/#breadcrumb"},"inLanguage":"fr-FR","potentialAction":[{"@type":"ReadAction","target":["https:\/\/artoislittoral2.com\/index.php\/macron-anthony\/"]}]},{"@type":"ImageObject","inLanguage":"fr-FR","@id":"https:\/\/artoislittoral2.com\/index.php\/macron-anthony\/#primaryimage","url":"https:\/\/artoislittoral2.com\/wp-content\/uploads\/2024\/08\/anthony_macron_portrait.jpg","contentUrl":"https:\/\/artoislittoral2.com\/wp-content\/uploads\/2024\/08\/anthony_macron_portrait.jpg","width":963,"height":976},{"@type":"BreadcrumbList","@id":"https:\/\/artoislittoral2.com\/index.php\/macron-anthony\/#breadcrumb","itemListElement":[{"@type":"ListItem","position":1,"name":"Accueil","item":"https:\/\/artoislittoral2.com\/"},{"@type":"ListItem","position":2,"name":"MACRON Anthony"}]},{"@type":"WebSite","@id":"https:\/\/artoislittoral2.com\/#website","url":"https:\/\/artoislittoral2.com\/","name":"ASA Artois Littoral 2","description":"Bienvenue \u00e0 l&#039;ASA Artois Littoral II","publisher":{"@id":"https:\/\/artoislittoral2.com\/#organization"},"potentialAction":[{"@type":"SearchAction","target":{"@type":"EntryPoint","urlTemplate":"https:\/\/artoislittoral2.com\/?s={search_term_string}"},"query-input":{"@type":"PropertyValueSpecification","valueRequired":true,"valueName":"search_term_string"}}],"inLanguage":"fr-FR"},{"@type":"Organization","@id":"https:\/\/artoislittoral2.com\/#organization","name":"ASA Artois Littoral 2","url":"https:\/\/artoislittoral2.com\/","logo":{"@type":"ImageObject","inLanguage":"fr-FR","@id":"https:\/\/artoislittoral2.com\/#\/schema\/logo\/image\/","url":"https:\/\/artoislittoral2.com\/wp-content\/uploads\/2025\/11\/cropped-cropped-bandeau-2025.jpg","contentUrl":"https:\/\/artoislittoral2.com\/wp-content\/uploads\/2025\/11\/cropped-cropped-bandeau-2025.jpg","width":960,"height":365,"caption":"ASA Artois Littoral 2"},"image":{"@id":"https:\/\/artoislittoral2.com\/#\/schema\/logo\/image\/"}}]}},"jetpack_sharing_enabled":true,"_links":{"self":[{"href":"https:\/\/artoislittoral2.com\/index.php\/wp-json\/wp\/v2\/pages\/4995","targetHints":{"allow":["GET"]}}],"collection":[{"href":"https:\/\/artoislittoral2.com\/index.php\/wp-json\/wp\/v2\/pages"}],"about":[{"href":"https:\/\/artoislittoral2.com\/index.php\/wp-json\/wp\/v2\/types\/page"}],"author":[{"embeddable":true,"href":"https:\/\/artoislittoral2.com\/index.php\/wp-json\/wp\/v2\/users\/1"}],"replies":[{"embeddable":true,"href":"https:\/\/artoislittoral2.com\/index.php\/wp-json\/wp\/v2\/comments?post=4995"}],"version-history":[{"count":12,"href":"https:\/\/artoislittoral2.com\/index.php\/wp-json\/wp\/v2\/pages\/4995\/revisions"}],"predecessor-version":[{"id":7260,"href":"https:\/\/artoislittoral2.com\/index.php\/wp-json\/wp\/v2\/pages\/4995\/revisions\/7260"}],"wp:attachment":[{"href":"https:\/\/artoislittoral2.com\/index.php\/wp-json\/wp\/v2\/media?parent=4995"}],"curies":[{"name":"wp","href":"https:\/\/api.w.org\/{rel}","templated":true}]}}