{"id":6052,"date":"2025-02-26T20:07:51","date_gmt":"2025-02-26T19:07:51","guid":{"rendered":"https:\/\/artoislittoral2.com\/?page_id=6052"},"modified":"2025-04-27T11:34:46","modified_gmt":"2025-04-27T09:34:46","slug":"minet-angele","status":"publish","type":"page","link":"https:\/\/artoislittoral2.com\/index.php\/minet-angele\/","title":{"rendered":"MINET Ang\u00e8le"},"content":{"rendered":"\t\t<div data-elementor-type=\"wp-page\" data-elementor-id=\"6052\" class=\"elementor elementor-6052\">\n\t\t\t\t\t\t<section class=\"elementor-section elementor-top-section elementor-element elementor-element-b3f924e elementor-section-boxed elementor-section-height-default elementor-section-height-default\" data-id=\"b3f924e\" data-element_type=\"section\" data-e-type=\"section\">\n\t\t\t\t\t\t<div class=\"elementor-container elementor-column-gap-default\">\n\t\t\t\t\t<div class=\"elementor-column elementor-col-100 elementor-top-column elementor-element elementor-element-e974f1a\" data-id=\"e974f1a\" data-element_type=\"column\" data-e-type=\"column\">\n\t\t\t<div class=\"elementor-widget-wrap elementor-element-populated\">\n\t\t\t\t\t\t<div class=\"elementor-element elementor-element-9f0a0db elementor-widget elementor-widget-text-editor\" data-id=\"9f0a0db\" data-element_type=\"widget\" data-e-type=\"widget\" data-widget_type=\"text-editor.default\">\n\t\t\t\t<div class=\"elementor-widget-container\">\n\t\t\t\t\t\t\t\t\t<p class=\"ydp3f46e689yiv5878164660p2\"><span class=\"ydp3f46e689yiv5878164660s1\" style=\"color: #000000;\"><img decoding=\"async\" class=\"size-full wp-image-6043 alignleft\" src=\"https:\/\/artoislittoral2.com\/wp-content\/uploads\/2025\/02\/portrait_angele.jpeg\" alt=\"\" width=\"187\" height=\"199\" \/><\/span><\/p><p class=\"ydp3f46e689yiv5878164660p2\"><span class=\"ydp3f46e689yiv5878164660s1\" style=\"color: #000000;\">Je m\u2019appelle Ang\u00e8le Minet,\u00a0<\/span><\/p><p class=\"ydp3f46e689yiv5878164660p2\"><span class=\"ydp3f46e689yiv5878164660s1\" style=\"color: #000000;\">Je suis esth\u00e9ticienne, cheffe d\u2019entreprise.\u00a0<\/span><\/p><p class=\"ydp3f46e689yiv5878164660p2\"><span class=\"ydp3f46e689yiv5878164660s1\" style=\"color: #000000;\">Depuis b\u00e9b\u00e9, je baigne dans le sport automobile avec mon grand p\u00e8re et mes parents, c\u2019\u00e9tait donc une \u00e9vidence qu\u2019\u00e0 mes 16 ans je sois copilote \u00e0 mon tour. J\u2019ai donc d\u00e9cider de faire \u00e9quipe avec mon p\u00e8re avec la saxo vts et depuis mes 16 ans nous avons fais plusieurs rallyes et nous \u00e9voluons ensemble \u00e0 chaque \u00e9preuve. Le partage en famille, l\u2019adr\u00e9naline et le plaisir de passer de super week-end!\u00a0<\/span><\/p><p class=\"ydp3f46e689yiv5878164660p2\"><span class=\"ydp3f46e689yiv5878164660s1\" style=\"color: #000000;\">Et maintenant je vais \u00e9galement partager cette passion avec mon compagnon.<\/span><\/p>\t\t\t\t\t\t\t\t<\/div>\n\t\t\t\t<\/div>\n\t\t\t\t\t<\/div>\n\t\t<\/div>\n\t\t\t\t\t<\/div>\n\t\t<\/section>\n\t\t\t\t<section class=\"elementor-section elementor-top-section elementor-element elementor-element-24fa9ea elementor-section-boxed elementor-section-height-default elementor-section-height-default\" data-id=\"24fa9ea\" data-element_type=\"section\" data-e-type=\"section\">\n\t\t\t\t\t\t<div class=\"elementor-container elementor-column-gap-default\">\n\t\t\t\t\t<div class=\"elementor-column elementor-col-100 elementor-top-column elementor-element elementor-element-cd7280f\" data-id=\"cd7280f\" data-element_type=\"column\" data-e-type=\"column\">\n\t\t\t<div class=\"elementor-widget-wrap elementor-element-populated\">\n\t\t\t\t\t\t<div class=\"elementor-element elementor-element-09113a6 gallery-spacing-custom elementor-widget elementor-widget-image-gallery\" data-id=\"09113a6\" data-element_type=\"widget\" data-e-type=\"widget\" data-widget_type=\"image-gallery.default\">\n\t\t\t\t<div class=\"elementor-widget-container\">\n\t\t\t\t\t\t\t<div class=\"elementor-image-gallery\">\n\t\t\t<div id='gallery-1' class='gallery galleryid-6052 gallery-columns-4 gallery-size-thumbnail'><figure class='gallery-item'>\n\t\t\t<div class='gallery-icon portrait'>\n\t\t\t\t<a data-elementor-open-lightbox=\"yes\" data-elementor-lightbox-slideshow=\"09113a6\" data-elementor-lightbox-title=\"IMG_3456\" data-e-action-hash=\"#elementor-action%3Aaction%3Dlightbox%26settings%3DeyJpZCI6NjA0MSwidXJsIjoiaHR0cHM6XC9cL2FydG9pc2xpdHRvcmFsMi5jb21cL3dwLWNvbnRlbnRcL3VwbG9hZHNcLzIwMjVcLzAyXC9JTUdfMzQ1Ni5qcGVnIiwic2xpZGVzaG93IjoiMDkxMTNhNiJ9\" href='https:\/\/artoislittoral2.com\/wp-content\/uploads\/2025\/02\/IMG_3456.jpeg'><img decoding=\"async\" width=\"150\" height=\"150\" src=\"https:\/\/artoislittoral2.com\/wp-content\/uploads\/2025\/02\/IMG_3456-150x150.jpeg\" class=\"attachment-thumbnail size-thumbnail\" alt=\"\" \/><\/a>\n\t\t\t<\/div><\/figure><figure class='gallery-item'>\n\t\t\t<div class='gallery-icon landscape'>\n\t\t\t\t<a data-elementor-open-lightbox=\"yes\" data-elementor-lightbox-slideshow=\"09113a6\" data-elementor-lightbox-title=\"mini_voiture\" data-e-action-hash=\"#elementor-action%3Aaction%3Dlightbox%26settings%3DeyJpZCI6NjA0MiwidXJsIjoiaHR0cHM6XC9cL2FydG9pc2xpdHRvcmFsMi5jb21cL3dwLWNvbnRlbnRcL3VwbG9hZHNcLzIwMjVcLzAyXC9taW5pX3ZvaXR1cmUuanBlZyIsInNsaWRlc2hvdyI6IjA5MTEzYTYifQ%3D%3D\" href='https:\/\/artoislittoral2.com\/wp-content\/uploads\/2025\/02\/mini_voiture.jpeg'><img decoding=\"async\" width=\"150\" height=\"150\" src=\"https:\/\/artoislittoral2.com\/wp-content\/uploads\/2025\/02\/mini_voiture-150x150.jpeg\" class=\"attachment-thumbnail size-thumbnail\" alt=\"\" \/><\/a>\n\t\t\t<\/div><\/figure><figure class='gallery-item'>\n\t\t\t<div class='gallery-icon landscape'>\n\t\t\t\t<a data-elementor-open-lightbox=\"yes\" data-elementor-lightbox-slideshow=\"09113a6\" data-elementor-lightbox-title=\"IMG_0412\" data-e-action-hash=\"#elementor-action%3Aaction%3Dlightbox%26settings%3DeyJpZCI6NjA0NCwidXJsIjoiaHR0cHM6XC9cL2FydG9pc2xpdHRvcmFsMi5jb21cL3dwLWNvbnRlbnRcL3VwbG9hZHNcLzIwMjVcLzAyXC9JTUdfMDQxMi5qcGVnIiwic2xpZGVzaG93IjoiMDkxMTNhNiJ9\" href='https:\/\/artoislittoral2.com\/wp-content\/uploads\/2025\/02\/IMG_0412.jpeg'><img loading=\"lazy\" decoding=\"async\" width=\"150\" height=\"150\" src=\"https:\/\/artoislittoral2.com\/wp-content\/uploads\/2025\/02\/IMG_0412-150x150.jpeg\" class=\"attachment-thumbnail size-thumbnail\" alt=\"\" \/><\/a>\n\t\t\t<\/div><\/figure><figure class='gallery-item'>\n\t\t\t<div class='gallery-icon landscape'>\n\t\t\t\t<a data-elementor-open-lightbox=\"yes\" data-elementor-lightbox-slideshow=\"09113a6\" data-elementor-lightbox-title=\"IMG_3452\" data-e-action-hash=\"#elementor-action%3Aaction%3Dlightbox%26settings%3DeyJpZCI6NjA0NSwidXJsIjoiaHR0cHM6XC9cL2FydG9pc2xpdHRvcmFsMi5jb21cL3dwLWNvbnRlbnRcL3VwbG9hZHNcLzIwMjVcLzAyXC9JTUdfMzQ1Mi5qcGVnIiwic2xpZGVzaG93IjoiMDkxMTNhNiJ9\" href='https:\/\/artoislittoral2.com\/wp-content\/uploads\/2025\/02\/IMG_3452.jpeg'><img loading=\"lazy\" decoding=\"async\" width=\"150\" height=\"150\" src=\"https:\/\/artoislittoral2.com\/wp-content\/uploads\/2025\/02\/IMG_3452-150x150.jpeg\" class=\"attachment-thumbnail size-thumbnail\" alt=\"\" srcset=\"https:\/\/artoislittoral2.com\/wp-content\/uploads\/2025\/02\/IMG_3452-150x150.jpeg 150w, https:\/\/artoislittoral2.com\/wp-content\/uploads\/2025\/02\/IMG_3452-300x300.jpeg 300w, https:\/\/artoislittoral2.com\/wp-content\/uploads\/2025\/02\/IMG_3452-1024x1024.jpeg 1024w, https:\/\/artoislittoral2.com\/wp-content\/uploads\/2025\/02\/IMG_3452-768x768.jpeg 768w, https:\/\/artoislittoral2.com\/wp-content\/uploads\/2025\/02\/IMG_3452-850x850.jpeg 850w, https:\/\/artoislittoral2.com\/wp-content\/uploads\/2025\/02\/IMG_3452.jpeg 1536w\" sizes=\"(max-width: 150px) 100vw, 150px\" \/><\/a>\n\t\t\t<\/div><\/figure><figure class='gallery-item'>\n\t\t\t<div class='gallery-icon landscape'>\n\t\t\t\t<a data-elementor-open-lightbox=\"yes\" data-elementor-lightbox-slideshow=\"09113a6\" data-elementor-lightbox-title=\"IMG_3453\" data-e-action-hash=\"#elementor-action%3Aaction%3Dlightbox%26settings%3DeyJpZCI6NjA0NiwidXJsIjoiaHR0cHM6XC9cL2FydG9pc2xpdHRvcmFsMi5jb21cL3dwLWNvbnRlbnRcL3VwbG9hZHNcLzIwMjVcLzAyXC9JTUdfMzQ1My5qcGVnIiwic2xpZGVzaG93IjoiMDkxMTNhNiJ9\" href='https:\/\/artoislittoral2.com\/wp-content\/uploads\/2025\/02\/IMG_3453.jpeg'><img loading=\"lazy\" decoding=\"async\" width=\"150\" height=\"150\" src=\"https:\/\/artoislittoral2.com\/wp-content\/uploads\/2025\/02\/IMG_3453-150x150.jpeg\" class=\"attachment-thumbnail size-thumbnail\" alt=\"\" \/><\/a>\n\t\t\t<\/div><\/figure><figure class='gallery-item'>\n\t\t\t<div class='gallery-icon portrait'>\n\t\t\t\t<a data-elementor-open-lightbox=\"yes\" data-elementor-lightbox-slideshow=\"09113a6\" data-elementor-lightbox-title=\"IMG_3454\" data-e-action-hash=\"#elementor-action%3Aaction%3Dlightbox%26settings%3DeyJpZCI6NjA0NywidXJsIjoiaHR0cHM6XC9cL2FydG9pc2xpdHRvcmFsMi5jb21cL3dwLWNvbnRlbnRcL3VwbG9hZHNcLzIwMjVcLzAyXC9JTUdfMzQ1NC5qcGVnIiwic2xpZGVzaG93IjoiMDkxMTNhNiJ9\" href='https:\/\/artoislittoral2.com\/wp-content\/uploads\/2025\/02\/IMG_3454.jpeg'><img loading=\"lazy\" decoding=\"async\" width=\"150\" height=\"150\" src=\"https:\/\/artoislittoral2.com\/wp-content\/uploads\/2025\/02\/IMG_3454-150x150.jpeg\" class=\"attachment-thumbnail size-thumbnail\" alt=\"\" srcset=\"https:\/\/artoislittoral2.com\/wp-content\/uploads\/2025\/02\/IMG_3454-150x150.jpeg 150w, https:\/\/artoislittoral2.com\/wp-content\/uploads\/2025\/02\/IMG_3454-298x300.jpeg 298w, https:\/\/artoislittoral2.com\/wp-content\/uploads\/2025\/02\/IMG_3454-768x774.jpeg 768w, https:\/\/artoislittoral2.com\/wp-content\/uploads\/2025\/02\/IMG_3454-300x302.jpeg 300w, https:\/\/artoislittoral2.com\/wp-content\/uploads\/2025\/02\/IMG_3454-850x856.jpeg 850w, https:\/\/artoislittoral2.com\/wp-content\/uploads\/2025\/02\/IMG_3454.jpeg 953w\" sizes=\"(max-width: 150px) 100vw, 150px\" \/><\/a>\n\t\t\t<\/div><\/figure><figure class='gallery-item'>\n\t\t\t<div class='gallery-icon portrait'>\n\t\t\t\t<a data-elementor-open-lightbox=\"yes\" data-elementor-lightbox-slideshow=\"09113a6\" data-elementor-lightbox-title=\"IMG_3455\" data-e-action-hash=\"#elementor-action%3Aaction%3Dlightbox%26settings%3DeyJpZCI6NjA0OCwidXJsIjoiaHR0cHM6XC9cL2FydG9pc2xpdHRvcmFsMi5jb21cL3dwLWNvbnRlbnRcL3VwbG9hZHNcLzIwMjVcLzAyXC9JTUdfMzQ1NS5qcGVnIiwic2xpZGVzaG93IjoiMDkxMTNhNiJ9\" href='https:\/\/artoislittoral2.com\/wp-content\/uploads\/2025\/02\/IMG_3455.jpeg'><img loading=\"lazy\" decoding=\"async\" width=\"150\" height=\"150\" src=\"https:\/\/artoislittoral2.com\/wp-content\/uploads\/2025\/02\/IMG_3455-150x150.jpeg\" class=\"attachment-thumbnail size-thumbnail\" alt=\"\" \/><\/a>\n\t\t\t<\/div><\/figure>\n\t\t<\/div>\n\t\t<\/div>\n\t\t\t\t\t\t<\/div>\n\t\t\t\t<\/div>\n\t\t\t\t\t<\/div>\n\t\t<\/div>\n\t\t\t\t\t<\/div>\n\t\t<\/section>\n\t\t\t\t<\/div>\n\t\t","protected":false},"excerpt":{"rendered":"<p>Je m\u2019appelle Ang\u00e8le Minet,\u00a0 Je suis esth\u00e9ticienne, cheffe d\u2019entreprise.\u00a0 Depuis b\u00e9b\u00e9, je baigne dans le sport automobile avec mon grand p\u00e8re et mes parents, c\u2019\u00e9tait donc une \u00e9vidence qu\u2019\u00e0 mes 16 ans je sois copilote \u00e0 mon tour. J\u2019ai donc d\u00e9cider de faire \u00e9quipe avec mon p\u00e8re avec la saxo vts et depuis mes 16&#8230;<\/p>\n","protected":false},"author":1,"featured_media":0,"parent":0,"menu_order":0,"comment_status":"closed","ping_status":"closed","template":"","meta":{"footnotes":""},"class_list":["post-6052","page","type-page","status-publish","hentry"],"yoast_head":"<!-- This site is optimized with the Yoast SEO plugin v27.3 - https:\/\/yoast.com\/product\/yoast-seo-wordpress\/ -->\n<title>MINET Ang\u00e8le - ASA Artois Littoral 2<\/title>\n<meta name=\"robots\" content=\"index, follow, max-snippet:-1, max-image-preview:large, max-video-preview:-1\" \/>\n<link rel=\"canonical\" href=\"https:\/\/artoislittoral2.com\/index.php\/minet-angele\/\" \/>\n<meta property=\"og:locale\" content=\"fr_FR\" \/>\n<meta property=\"og:type\" content=\"article\" \/>\n<meta property=\"og:title\" content=\"MINET Ang\u00e8le - ASA Artois Littoral 2\" \/>\n<meta property=\"og:description\" content=\"Je m\u2019appelle Ang\u00e8le Minet,\u00a0 Je suis esth\u00e9ticienne, cheffe d\u2019entreprise.\u00a0 Depuis b\u00e9b\u00e9, je baigne dans le sport automobile avec mon grand p\u00e8re et mes parents, c\u2019\u00e9tait donc une \u00e9vidence qu\u2019\u00e0 mes 16 ans je sois copilote \u00e0 mon tour. J\u2019ai donc d\u00e9cider de faire \u00e9quipe avec mon p\u00e8re avec la saxo vts et depuis mes 16...\" \/>\n<meta property=\"og:url\" content=\"https:\/\/artoislittoral2.com\/index.php\/minet-angele\/\" \/>\n<meta property=\"og:site_name\" content=\"ASA Artois Littoral 2\" \/>\n<meta property=\"article:modified_time\" content=\"2025-04-27T09:34:46+00:00\" \/>\n<meta property=\"og:image\" content=\"https:\/\/artoislittoral2.com\/wp-content\/uploads\/2025\/02\/portrait_angele.jpeg\" \/>\n\t<meta property=\"og:image:width\" content=\"187\" \/>\n\t<meta property=\"og:image:height\" content=\"199\" \/>\n\t<meta property=\"og:image:type\" content=\"image\/jpeg\" \/>\n<meta name=\"twitter:card\" content=\"summary_large_image\" \/>\n<meta name=\"twitter:label1\" content=\"Dur\u00e9e de lecture estim\u00e9e\" \/>\n\t<meta name=\"twitter:data1\" content=\"3 minutes\" \/>\n<script type=\"application\/ld+json\" class=\"yoast-schema-graph\">{\"@context\":\"https:\\\/\\\/schema.org\",\"@graph\":[{\"@type\":\"WebPage\",\"@id\":\"https:\\\/\\\/artoislittoral2.com\\\/index.php\\\/minet-angele\\\/\",\"url\":\"https:\\\/\\\/artoislittoral2.com\\\/index.php\\\/minet-angele\\\/\",\"name\":\"MINET Ang\u00e8le - ASA Artois Littoral 2\",\"isPartOf\":{\"@id\":\"https:\\\/\\\/artoislittoral2.com\\\/#website\"},\"primaryImageOfPage\":{\"@id\":\"https:\\\/\\\/artoislittoral2.com\\\/index.php\\\/minet-angele\\\/#primaryimage\"},\"image\":{\"@id\":\"https:\\\/\\\/artoislittoral2.com\\\/index.php\\\/minet-angele\\\/#primaryimage\"},\"thumbnailUrl\":\"https:\\\/\\\/artoislittoral2.com\\\/wp-content\\\/uploads\\\/2025\\\/02\\\/portrait_angele.jpeg\",\"datePublished\":\"2025-02-26T19:07:51+00:00\",\"dateModified\":\"2025-04-27T09:34:46+00:00\",\"breadcrumb\":{\"@id\":\"https:\\\/\\\/artoislittoral2.com\\\/index.php\\\/minet-angele\\\/#breadcrumb\"},\"inLanguage\":\"fr-FR\",\"potentialAction\":[{\"@type\":\"ReadAction\",\"target\":[\"https:\\\/\\\/artoislittoral2.com\\\/index.php\\\/minet-angele\\\/\"]}]},{\"@type\":\"ImageObject\",\"inLanguage\":\"fr-FR\",\"@id\":\"https:\\\/\\\/artoislittoral2.com\\\/index.php\\\/minet-angele\\\/#primaryimage\",\"url\":\"https:\\\/\\\/artoislittoral2.com\\\/wp-content\\\/uploads\\\/2025\\\/02\\\/portrait_angele.jpeg\",\"contentUrl\":\"https:\\\/\\\/artoislittoral2.com\\\/wp-content\\\/uploads\\\/2025\\\/02\\\/portrait_angele.jpeg\",\"width\":187,\"height\":199},{\"@type\":\"BreadcrumbList\",\"@id\":\"https:\\\/\\\/artoislittoral2.com\\\/index.php\\\/minet-angele\\\/#breadcrumb\",\"itemListElement\":[{\"@type\":\"ListItem\",\"position\":1,\"name\":\"Accueil\",\"item\":\"https:\\\/\\\/artoislittoral2.com\\\/\"},{\"@type\":\"ListItem\",\"position\":2,\"name\":\"MINET Ang\u00e8le\"}]},{\"@type\":\"WebSite\",\"@id\":\"https:\\\/\\\/artoislittoral2.com\\\/#website\",\"url\":\"https:\\\/\\\/artoislittoral2.com\\\/\",\"name\":\"ASA Artois Littoral 2\",\"description\":\"Bienvenue \u00e0 l&#039;ASA Artois Littoral II\",\"publisher\":{\"@id\":\"https:\\\/\\\/artoislittoral2.com\\\/#organization\"},\"potentialAction\":[{\"@type\":\"SearchAction\",\"target\":{\"@type\":\"EntryPoint\",\"urlTemplate\":\"https:\\\/\\\/artoislittoral2.com\\\/?s={search_term_string}\"},\"query-input\":{\"@type\":\"PropertyValueSpecification\",\"valueRequired\":true,\"valueName\":\"search_term_string\"}}],\"inLanguage\":\"fr-FR\"},{\"@type\":\"Organization\",\"@id\":\"https:\\\/\\\/artoislittoral2.com\\\/#organization\",\"name\":\"ASA Artois Littoral 2\",\"url\":\"https:\\\/\\\/artoislittoral2.com\\\/\",\"logo\":{\"@type\":\"ImageObject\",\"inLanguage\":\"fr-FR\",\"@id\":\"https:\\\/\\\/artoislittoral2.com\\\/#\\\/schema\\\/logo\\\/image\\\/\",\"url\":\"https:\\\/\\\/artoislittoral2.com\\\/wp-content\\\/uploads\\\/2025\\\/11\\\/cropped-cropped-bandeau-2025.jpg\",\"contentUrl\":\"https:\\\/\\\/artoislittoral2.com\\\/wp-content\\\/uploads\\\/2025\\\/11\\\/cropped-cropped-bandeau-2025.jpg\",\"width\":960,\"height\":365,\"caption\":\"ASA Artois Littoral 2\"},\"image\":{\"@id\":\"https:\\\/\\\/artoislittoral2.com\\\/#\\\/schema\\\/logo\\\/image\\\/\"}}]}<\/script>\n<!-- \/ Yoast SEO plugin. -->","yoast_head_json":{"title":"MINET Ang\u00e8le - ASA Artois Littoral 2","robots":{"index":"index","follow":"follow","max-snippet":"max-snippet:-1","max-image-preview":"max-image-preview:large","max-video-preview":"max-video-preview:-1"},"canonical":"https:\/\/artoislittoral2.com\/index.php\/minet-angele\/","og_locale":"fr_FR","og_type":"article","og_title":"MINET Ang\u00e8le - ASA Artois Littoral 2","og_description":"Je m\u2019appelle Ang\u00e8le Minet,\u00a0 Je suis esth\u00e9ticienne, cheffe d\u2019entreprise.\u00a0 Depuis b\u00e9b\u00e9, je baigne dans le sport automobile avec mon grand p\u00e8re et mes parents, c\u2019\u00e9tait donc une \u00e9vidence qu\u2019\u00e0 mes 16 ans je sois copilote \u00e0 mon tour. J\u2019ai donc d\u00e9cider de faire \u00e9quipe avec mon p\u00e8re avec la saxo vts et depuis mes 16...","og_url":"https:\/\/artoislittoral2.com\/index.php\/minet-angele\/","og_site_name":"ASA Artois Littoral 2","article_modified_time":"2025-04-27T09:34:46+00:00","og_image":[{"width":187,"height":199,"url":"https:\/\/artoislittoral2.com\/wp-content\/uploads\/2025\/02\/portrait_angele.jpeg","type":"image\/jpeg"}],"twitter_card":"summary_large_image","twitter_misc":{"Dur\u00e9e de lecture estim\u00e9e":"3 minutes"},"schema":{"@context":"https:\/\/schema.org","@graph":[{"@type":"WebPage","@id":"https:\/\/artoislittoral2.com\/index.php\/minet-angele\/","url":"https:\/\/artoislittoral2.com\/index.php\/minet-angele\/","name":"MINET Ang\u00e8le - ASA Artois Littoral 2","isPartOf":{"@id":"https:\/\/artoislittoral2.com\/#website"},"primaryImageOfPage":{"@id":"https:\/\/artoislittoral2.com\/index.php\/minet-angele\/#primaryimage"},"image":{"@id":"https:\/\/artoislittoral2.com\/index.php\/minet-angele\/#primaryimage"},"thumbnailUrl":"https:\/\/artoislittoral2.com\/wp-content\/uploads\/2025\/02\/portrait_angele.jpeg","datePublished":"2025-02-26T19:07:51+00:00","dateModified":"2025-04-27T09:34:46+00:00","breadcrumb":{"@id":"https:\/\/artoislittoral2.com\/index.php\/minet-angele\/#breadcrumb"},"inLanguage":"fr-FR","potentialAction":[{"@type":"ReadAction","target":["https:\/\/artoislittoral2.com\/index.php\/minet-angele\/"]}]},{"@type":"ImageObject","inLanguage":"fr-FR","@id":"https:\/\/artoislittoral2.com\/index.php\/minet-angele\/#primaryimage","url":"https:\/\/artoislittoral2.com\/wp-content\/uploads\/2025\/02\/portrait_angele.jpeg","contentUrl":"https:\/\/artoislittoral2.com\/wp-content\/uploads\/2025\/02\/portrait_angele.jpeg","width":187,"height":199},{"@type":"BreadcrumbList","@id":"https:\/\/artoislittoral2.com\/index.php\/minet-angele\/#breadcrumb","itemListElement":[{"@type":"ListItem","position":1,"name":"Accueil","item":"https:\/\/artoislittoral2.com\/"},{"@type":"ListItem","position":2,"name":"MINET Ang\u00e8le"}]},{"@type":"WebSite","@id":"https:\/\/artoislittoral2.com\/#website","url":"https:\/\/artoislittoral2.com\/","name":"ASA Artois Littoral 2","description":"Bienvenue \u00e0 l&#039;ASA Artois Littoral II","publisher":{"@id":"https:\/\/artoislittoral2.com\/#organization"},"potentialAction":[{"@type":"SearchAction","target":{"@type":"EntryPoint","urlTemplate":"https:\/\/artoislittoral2.com\/?s={search_term_string}"},"query-input":{"@type":"PropertyValueSpecification","valueRequired":true,"valueName":"search_term_string"}}],"inLanguage":"fr-FR"},{"@type":"Organization","@id":"https:\/\/artoislittoral2.com\/#organization","name":"ASA Artois Littoral 2","url":"https:\/\/artoislittoral2.com\/","logo":{"@type":"ImageObject","inLanguage":"fr-FR","@id":"https:\/\/artoislittoral2.com\/#\/schema\/logo\/image\/","url":"https:\/\/artoislittoral2.com\/wp-content\/uploads\/2025\/11\/cropped-cropped-bandeau-2025.jpg","contentUrl":"https:\/\/artoislittoral2.com\/wp-content\/uploads\/2025\/11\/cropped-cropped-bandeau-2025.jpg","width":960,"height":365,"caption":"ASA Artois Littoral 2"},"image":{"@id":"https:\/\/artoislittoral2.com\/#\/schema\/logo\/image\/"}}]}},"jetpack_sharing_enabled":true,"_links":{"self":[{"href":"https:\/\/artoislittoral2.com\/index.php\/wp-json\/wp\/v2\/pages\/6052","targetHints":{"allow":["GET"]}}],"collection":[{"href":"https:\/\/artoislittoral2.com\/index.php\/wp-json\/wp\/v2\/pages"}],"about":[{"href":"https:\/\/artoislittoral2.com\/index.php\/wp-json\/wp\/v2\/types\/page"}],"author":[{"embeddable":true,"href":"https:\/\/artoislittoral2.com\/index.php\/wp-json\/wp\/v2\/users\/1"}],"replies":[{"embeddable":true,"href":"https:\/\/artoislittoral2.com\/index.php\/wp-json\/wp\/v2\/comments?post=6052"}],"version-history":[{"count":9,"href":"https:\/\/artoislittoral2.com\/index.php\/wp-json\/wp\/v2\/pages\/6052\/revisions"}],"predecessor-version":[{"id":6623,"href":"https:\/\/artoislittoral2.com\/index.php\/wp-json\/wp\/v2\/pages\/6052\/revisions\/6623"}],"wp:attachment":[{"href":"https:\/\/artoislittoral2.com\/index.php\/wp-json\/wp\/v2\/media?parent=6052"}],"curies":[{"name":"wp","href":"https:\/\/api.w.org\/{rel}","templated":true}]}}