{"id":6143,"date":"2025-03-01T09:15:53","date_gmt":"2025-03-01T08:15:53","guid":{"rendered":"https:\/\/artoislittoral2.com\/?page_id=6143"},"modified":"2025-03-01T09:40:04","modified_gmt":"2025-03-01T08:40:04","slug":"jolly-antoine","status":"publish","type":"page","link":"https:\/\/artoislittoral2.com\/index.php\/jolly-antoine\/","title":{"rendered":"JOLLY Antoine"},"content":{"rendered":"\t\t<div data-elementor-type=\"wp-page\" data-elementor-id=\"6143\" class=\"elementor elementor-6143\">\n\t\t\t\t\t\t<section class=\"elementor-section elementor-top-section elementor-element elementor-element-602285f elementor-section-boxed elementor-section-height-default elementor-section-height-default\" data-id=\"602285f\" data-element_type=\"section\" data-e-type=\"section\">\n\t\t\t\t\t\t<div class=\"elementor-container elementor-column-gap-default\">\n\t\t\t\t\t<div class=\"elementor-column elementor-col-100 elementor-top-column elementor-element elementor-element-df74301\" data-id=\"df74301\" data-element_type=\"column\" data-e-type=\"column\">\n\t\t\t<div class=\"elementor-widget-wrap elementor-element-populated\">\n\t\t\t\t\t\t<div class=\"elementor-element elementor-element-7ce2134 elementor-widget elementor-widget-text-editor\" data-id=\"7ce2134\" data-element_type=\"widget\" data-e-type=\"widget\" data-widget_type=\"text-editor.default\">\n\t\t\t\t<div class=\"elementor-widget-container\">\n\t\t\t\t\t\t\t\t\t<p><span style=\"color: #000000;\"><img fetchpriority=\"high\" decoding=\"async\" class=\"size-medium wp-image-6154 alignleft\" src=\"https:\/\/artoislittoral2.com\/wp-content\/uploads\/2025\/03\/portrait_antoine-joly-259x300.jpg\" alt=\"\" width=\"259\" height=\"300\" srcset=\"https:\/\/artoislittoral2.com\/wp-content\/uploads\/2025\/03\/portrait_antoine-joly-259x300.jpg 259w, https:\/\/artoislittoral2.com\/wp-content\/uploads\/2025\/03\/portrait_antoine-joly.jpg 281w\" sizes=\"(max-width: 259px) 100vw, 259px\" \/>Je m&rsquo;appelle Antoine Jolly, j&rsquo;ai 23 ans et je suis m\u00e9canicien dans le Garage de mon p\u00e8re.<\/span><br \/><span style=\"color: #000000;\">A part le Sport Auto pas grand chose, du v\u00e9lo de temps en temps o\u00f9 l&rsquo;ont fait quelques sorties entre copains.<\/span><\/p><p><span style=\"color: #0000ff;\">Pourquoi le sport auto ?<\/span><\/p><p><span style=\"color: #000000;\">J&rsquo;ai baign\u00e9 dedans depuis petit, a 3ans j&rsquo;\u00e9tais d\u00e9j\u00e0 dans le garage au milieux des autos de courses, puis c&rsquo;\u00e9tait une suite logique, mon grand p\u00e8re pilotais a l&rsquo;\u00e9poque et mon p\u00e8re \u00e9tait son copilote. C&rsquo;est g\u00e9n\u00e9tique !<\/span><\/p><p><span style=\"color: #0000ff;\">Quelles sont tes plus belles exp\u00e9riences et r\u00e9ussites ? Sur quelle \u00e9preuve ?<\/span><\/p><div id=\"docs-chrome\" class=\"docs-material companion-enabled\" tabindex=\"0\" role=\"banner\" aria-label=\"Barre de menus\"><div id=\"docs-additional-bars\"><div id=\"formula-bar-container\"><div id=\"formula-bar-name-box-wrapper\" class=\"name-box-enabled formula-bar-with-name-box-wrapper\"><div id=\"formula-bar\" class=\"formula-bar\"><div id=\"t-formula-bar-input-container\"><div dir=\"ltr\"><div id=\"t-formula-bar-input\" spellcheck=\"false\"><div class=\"cell-input\" dir=\"ltr\" tabindex=\"0\" role=\"combobox\" contenteditable=\"true\" aria-autocomplete=\"list\"><p><span style=\"color: #000000;\">Ils y en a quelques unes, La finale a Bethune o\u00f9 ont d\u00e9croche le titre avec Nico,<\/span><br \/><span style=\"color: #000000;\">La finale a Ambert o\u00f9 ont a vraiment pris beaucoup de plaisir et le Top 5 a Boulogne l&rsquo;ann\u00e9e derni\u00e8re.<\/span><\/p><p><span style=\"color: #0000ff;\">Y a t-il des exp\u00e9riences \u00e0 oublier ?<\/span><\/p><p><span style=\"color: #000000;\">Oui comme tous le monde je penses, comme on dis il n&rsquo;y a pas d&rsquo;omelette sans casser des \u0153ufs ! Les Routes du Nord 2023 o\u00f9 on se sort 15j avant la Finale, et Les Vall\u00e9es Axonaises pour le premier rallye avec la Groupe A ou une pi\u00e8ce casse et ont se sort&#8230;<\/span><\/p><\/div><\/div><\/div><\/div><\/div><\/div><\/div><\/div><\/div><p>\u00a0<\/p><p><span style=\"color: #0000ff;\">Quels sont tes objectifs<br \/><\/span><span style=\"color: #000000;\">Pour cette ann\u00e9e on part faire quelques manches en CFR, la qualification a Lisieux pour aller se battre avec les copains, mais on continue toujours avec la Saxo, c&rsquo;est une auto que j&rsquo;adore, elle n&rsquo;est pas encore au bout de toutes les \u00e9volutions que l&rsquo;on peut lui faire mais c&rsquo;est une voiture vraiment sympa a conduire et qui fait encore des temps malgr\u00e9 ses 25 ans !<\/span><\/p>\t\t\t\t\t\t\t\t<\/div>\n\t\t\t\t<\/div>\n\t\t\t\t\t<\/div>\n\t\t<\/div>\n\t\t\t\t\t<\/div>\n\t\t<\/section>\n\t\t\t\t<section class=\"elementor-section elementor-top-section elementor-element elementor-element-7277a07 elementor-section-boxed elementor-section-height-default elementor-section-height-default\" data-id=\"7277a07\" data-element_type=\"section\" data-e-type=\"section\">\n\t\t\t\t\t\t<div class=\"elementor-container elementor-column-gap-default\">\n\t\t\t\t\t<div class=\"elementor-column elementor-col-100 elementor-top-column elementor-element elementor-element-29fc64d\" data-id=\"29fc64d\" data-element_type=\"column\" data-e-type=\"column\">\n\t\t\t<div class=\"elementor-widget-wrap elementor-element-populated\">\n\t\t\t\t\t\t<div class=\"elementor-element elementor-element-5676075 gallery-spacing-custom elementor-widget elementor-widget-image-gallery\" data-id=\"5676075\" data-element_type=\"widget\" data-e-type=\"widget\" data-widget_type=\"image-gallery.default\">\n\t\t\t\t<div class=\"elementor-widget-container\">\n\t\t\t\t\t\t\t<div class=\"elementor-image-gallery\">\n\t\t\t<div id='gallery-1' class='gallery galleryid-6143 gallery-columns-4 gallery-size-thumbnail'><figure class='gallery-item'>\n\t\t\t<div class='gallery-icon landscape'>\n\t\t\t\t<a data-elementor-open-lightbox=\"yes\" data-elementor-lightbox-slideshow=\"5676075\" data-elementor-lightbox-title=\"Pleine Corde 2025 - Ronde Jura - HD IMG_4289r - AKart Racing\" data-e-action-hash=\"#elementor-action%3Aaction%3Dlightbox%26settings%3DeyJpZCI6NjE1MywidXJsIjoiaHR0cHM6XC9cL2FydG9pc2xpdHRvcmFsMi5jb21cL3dwLWNvbnRlbnRcL3VwbG9hZHNcLzIwMjVcLzAzXC9QbGVpbmUtQ29yZGUtMjAyNS1Sb25kZS1KdXJhLUhELUlNR180Mjg5ci1BS2FydC1SYWNpbmctc2NhbGVkLmpwZyIsInNsaWRlc2hvdyI6IjU2NzYwNzUifQ%3D%3D\" href='https:\/\/artoislittoral2.com\/wp-content\/uploads\/2025\/03\/Pleine-Corde-2025-Ronde-Jura-HD-IMG_4289r-AKart-Racing-scaled.jpg'><img decoding=\"async\" width=\"150\" height=\"150\" src=\"https:\/\/artoislittoral2.com\/wp-content\/uploads\/2025\/03\/Pleine-Corde-2025-Ronde-Jura-HD-IMG_4289r-AKart-Racing-150x150.jpg\" class=\"attachment-thumbnail size-thumbnail\" alt=\"\" \/><\/a>\n\t\t\t<\/div><\/figure><figure class='gallery-item'>\n\t\t\t<div class='gallery-icon landscape'>\n\t\t\t\t<a data-elementor-open-lightbox=\"yes\" data-elementor-lightbox-slideshow=\"5676075\" data-elementor-lightbox-title=\"received_6737001029693286 - AKart Racing\" data-e-action-hash=\"#elementor-action%3Aaction%3Dlightbox%26settings%3DeyJpZCI6NjE1NSwidXJsIjoiaHR0cHM6XC9cL2FydG9pc2xpdHRvcmFsMi5jb21cL3dwLWNvbnRlbnRcL3VwbG9hZHNcLzIwMjVcLzAzXC9yZWNlaXZlZF82NzM3MDAxMDI5NjkzMjg2LUFLYXJ0LVJhY2luZy1zY2FsZWQuanBlZyIsInNsaWRlc2hvdyI6IjU2NzYwNzUifQ%3D%3D\" href='https:\/\/artoislittoral2.com\/wp-content\/uploads\/2025\/03\/received_6737001029693286-AKart-Racing-scaled.jpeg'><img decoding=\"async\" width=\"150\" height=\"150\" src=\"https:\/\/artoislittoral2.com\/wp-content\/uploads\/2025\/03\/received_6737001029693286-AKart-Racing-150x150.jpeg\" class=\"attachment-thumbnail size-thumbnail\" alt=\"\" \/><\/a>\n\t\t\t<\/div><\/figure><figure class='gallery-item'>\n\t\t\t<div class='gallery-icon landscape'>\n\t\t\t\t<a data-elementor-open-lightbox=\"yes\" data-elementor-lightbox-slideshow=\"5676075\" data-elementor-lightbox-title=\"Screenshot_20240504_210348_Instagram - AKart Racing\" data-e-action-hash=\"#elementor-action%3Aaction%3Dlightbox%26settings%3DeyJpZCI6NjE1NiwidXJsIjoiaHR0cHM6XC9cL2FydG9pc2xpdHRvcmFsMi5jb21cL3dwLWNvbnRlbnRcL3VwbG9hZHNcLzIwMjVcLzAzXC9TY3JlZW5zaG90XzIwMjQwNTA0XzIxMDM0OF9JbnN0YWdyYW0tQUthcnQtUmFjaW5nLmpwZyIsInNsaWRlc2hvdyI6IjU2NzYwNzUifQ%3D%3D\" href='https:\/\/artoislittoral2.com\/wp-content\/uploads\/2025\/03\/Screenshot_20240504_210348_Instagram-AKart-Racing.jpg'><img loading=\"lazy\" decoding=\"async\" width=\"150\" height=\"150\" src=\"https:\/\/artoislittoral2.com\/wp-content\/uploads\/2025\/03\/Screenshot_20240504_210348_Instagram-AKart-Racing-150x150.jpg\" class=\"attachment-thumbnail size-thumbnail\" alt=\"\" \/><\/a>\n\t\t\t<\/div><\/figure><figure class='gallery-item'>\n\t\t\t<div class='gallery-icon landscape'>\n\t\t\t\t<a data-elementor-open-lightbox=\"yes\" data-elementor-lightbox-slideshow=\"5676075\" data-elementor-lightbox-title=\"Snapchat-982614359 - AKart Racing\" data-e-action-hash=\"#elementor-action%3Aaction%3Dlightbox%26settings%3DeyJpZCI6NjE1NywidXJsIjoiaHR0cHM6XC9cL2FydG9pc2xpdHRvcmFsMi5jb21cL3dwLWNvbnRlbnRcL3VwbG9hZHNcLzIwMjVcLzAzXC9TbmFwY2hhdC05ODI2MTQzNTktQUthcnQtUmFjaW5nLmpwZyIsInNsaWRlc2hvdyI6IjU2NzYwNzUifQ%3D%3D\" href='https:\/\/artoislittoral2.com\/wp-content\/uploads\/2025\/03\/Snapchat-982614359-AKart-Racing.jpg'><img loading=\"lazy\" decoding=\"async\" width=\"150\" height=\"150\" src=\"https:\/\/artoislittoral2.com\/wp-content\/uploads\/2025\/03\/Snapchat-982614359-AKart-Racing-150x150.jpg\" class=\"attachment-thumbnail size-thumbnail\" alt=\"\" \/><\/a>\n\t\t\t<\/div><\/figure><figure class='gallery-item'>\n\t\t\t<div class='gallery-icon landscape'>\n\t\t\t\t<a data-elementor-open-lightbox=\"yes\" data-elementor-lightbox-slideshow=\"5676075\" data-elementor-lightbox-title=\"Snapchat-1729390078 - AKart Racing\" data-e-action-hash=\"#elementor-action%3Aaction%3Dlightbox%26settings%3DeyJpZCI6NjE1OCwidXJsIjoiaHR0cHM6XC9cL2FydG9pc2xpdHRvcmFsMi5jb21cL3dwLWNvbnRlbnRcL3VwbG9hZHNcLzIwMjVcLzAzXC9TbmFwY2hhdC0xNzI5MzkwMDc4LUFLYXJ0LVJhY2luZy5qcGciLCJzbGlkZXNob3ciOiI1Njc2MDc1In0%3D\" href='https:\/\/artoislittoral2.com\/wp-content\/uploads\/2025\/03\/Snapchat-1729390078-AKart-Racing.jpg'><img loading=\"lazy\" decoding=\"async\" width=\"150\" height=\"150\" src=\"https:\/\/artoislittoral2.com\/wp-content\/uploads\/2025\/03\/Snapchat-1729390078-AKart-Racing-150x150.jpg\" class=\"attachment-thumbnail size-thumbnail\" alt=\"\" \/><\/a>\n\t\t\t<\/div><\/figure><figure class='gallery-item'>\n\t\t\t<div class='gallery-icon landscape'>\n\t\t\t\t<a data-elementor-open-lightbox=\"yes\" data-elementor-lightbox-slideshow=\"5676075\" data-elementor-lightbox-title=\"FB_IMG_1727544327718 - AKart Racing\" data-e-action-hash=\"#elementor-action%3Aaction%3Dlightbox%26settings%3DeyJpZCI6NjE1OSwidXJsIjoiaHR0cHM6XC9cL2FydG9pc2xpdHRvcmFsMi5jb21cL3dwLWNvbnRlbnRcL3VwbG9hZHNcLzIwMjVcLzAzXC9GQl9JTUdfMTcyNzU0NDMyNzcxOC1BS2FydC1SYWNpbmcuanBnIiwic2xpZGVzaG93IjoiNTY3NjA3NSJ9\" href='https:\/\/artoislittoral2.com\/wp-content\/uploads\/2025\/03\/FB_IMG_1727544327718-AKart-Racing.jpg'><img loading=\"lazy\" decoding=\"async\" width=\"150\" height=\"150\" src=\"https:\/\/artoislittoral2.com\/wp-content\/uploads\/2025\/03\/FB_IMG_1727544327718-AKart-Racing-150x150.jpg\" class=\"attachment-thumbnail size-thumbnail\" alt=\"\" \/><\/a>\n\t\t\t<\/div><\/figure><figure class='gallery-item'>\n\t\t\t<div class='gallery-icon landscape'>\n\t\t\t\t<a data-elementor-open-lightbox=\"yes\" data-elementor-lightbox-slideshow=\"5676075\" data-elementor-lightbox-title=\"FB_IMG_1732513271496 - AKart Racing\" data-e-action-hash=\"#elementor-action%3Aaction%3Dlightbox%26settings%3DeyJpZCI6NjE2MCwidXJsIjoiaHR0cHM6XC9cL2FydG9pc2xpdHRvcmFsMi5jb21cL3dwLWNvbnRlbnRcL3VwbG9hZHNcLzIwMjVcLzAzXC9GQl9JTUdfMTczMjUxMzI3MTQ5Ni1BS2FydC1SYWNpbmcuanBnIiwic2xpZGVzaG93IjoiNTY3NjA3NSJ9\" href='https:\/\/artoislittoral2.com\/wp-content\/uploads\/2025\/03\/FB_IMG_1732513271496-AKart-Racing.jpg'><img loading=\"lazy\" decoding=\"async\" width=\"150\" height=\"150\" src=\"https:\/\/artoislittoral2.com\/wp-content\/uploads\/2025\/03\/FB_IMG_1732513271496-AKart-Racing-150x150.jpg\" class=\"attachment-thumbnail size-thumbnail\" alt=\"\" \/><\/a>\n\t\t\t<\/div><\/figure><figure class='gallery-item'>\n\t\t\t<div class='gallery-icon landscape'>\n\t\t\t\t<a data-elementor-open-lightbox=\"yes\" data-elementor-lightbox-slideshow=\"5676075\" data-elementor-lightbox-title=\"IMG_1493 - AKart Racing\" data-e-action-hash=\"#elementor-action%3Aaction%3Dlightbox%26settings%3DeyJpZCI6NjE2MSwidXJsIjoiaHR0cHM6XC9cL2FydG9pc2xpdHRvcmFsMi5jb21cL3dwLWNvbnRlbnRcL3VwbG9hZHNcLzIwMjVcLzAzXC9JTUdfMTQ5My1BS2FydC1SYWNpbmctc2NhbGVkLmpwZyIsInNsaWRlc2hvdyI6IjU2NzYwNzUifQ%3D%3D\" href='https:\/\/artoislittoral2.com\/wp-content\/uploads\/2025\/03\/IMG_1493-AKart-Racing-scaled.jpg'><img loading=\"lazy\" decoding=\"async\" width=\"150\" height=\"150\" src=\"https:\/\/artoislittoral2.com\/wp-content\/uploads\/2025\/03\/IMG_1493-AKart-Racing-150x150.jpg\" class=\"attachment-thumbnail size-thumbnail\" alt=\"\" \/><\/a>\n\t\t\t<\/div><\/figure><figure class='gallery-item'>\n\t\t\t<div class='gallery-icon landscape'>\n\t\t\t\t<a data-elementor-open-lightbox=\"yes\" data-elementor-lightbox-slideshow=\"5676075\" data-elementor-lightbox-title=\"Messenger_creation_050C7D4F-7666-4825-B33A-6FC131ADEB80 - AKart Racing\" data-e-action-hash=\"#elementor-action%3Aaction%3Dlightbox%26settings%3DeyJpZCI6NjE2MiwidXJsIjoiaHR0cHM6XC9cL2FydG9pc2xpdHRvcmFsMi5jb21cL3dwLWNvbnRlbnRcL3VwbG9hZHNcLzIwMjVcLzAzXC9NZXNzZW5nZXJfY3JlYXRpb25fMDUwQzdENEYtNzY2Ni00ODI1LUIzM0EtNkZDMTMxQURFQjgwLUFLYXJ0LVJhY2luZy5qcGVnIiwic2xpZGVzaG93IjoiNTY3NjA3NSJ9\" href='https:\/\/artoislittoral2.com\/wp-content\/uploads\/2025\/03\/Messenger_creation_050C7D4F-7666-4825-B33A-6FC131ADEB80-AKart-Racing.jpeg'><img loading=\"lazy\" decoding=\"async\" width=\"150\" height=\"150\" src=\"https:\/\/artoislittoral2.com\/wp-content\/uploads\/2025\/03\/Messenger_creation_050C7D4F-7666-4825-B33A-6FC131ADEB80-AKart-Racing-150x150.jpeg\" class=\"attachment-thumbnail size-thumbnail\" alt=\"\" \/><\/a>\n\t\t\t<\/div><\/figure><figure class='gallery-item'>\n\t\t\t<div class='gallery-icon landscape'>\n\t\t\t\t<a data-elementor-open-lightbox=\"yes\" data-elementor-lightbox-slideshow=\"5676075\" data-elementor-lightbox-title=\"Pleine Corde 2024 - Vins de Champagne - HD IMG_9925r - AKart Racing\" data-e-action-hash=\"#elementor-action%3Aaction%3Dlightbox%26settings%3DeyJpZCI6NjE2MywidXJsIjoiaHR0cHM6XC9cL2FydG9pc2xpdHRvcmFsMi5jb21cL3dwLWNvbnRlbnRcL3VwbG9hZHNcLzIwMjVcLzAzXC9QbGVpbmUtQ29yZGUtMjAyNC1WaW5zLWRlLUNoYW1wYWduZS1IRC1JTUdfOTkyNXItQUthcnQtUmFjaW5nLXNjYWxlZC5qcGciLCJzbGlkZXNob3ciOiI1Njc2MDc1In0%3D\" href='https:\/\/artoislittoral2.com\/wp-content\/uploads\/2025\/03\/Pleine-Corde-2024-Vins-de-Champagne-HD-IMG_9925r-AKart-Racing-scaled.jpg'><img loading=\"lazy\" decoding=\"async\" width=\"150\" height=\"150\" src=\"https:\/\/artoislittoral2.com\/wp-content\/uploads\/2025\/03\/Pleine-Corde-2024-Vins-de-Champagne-HD-IMG_9925r-AKart-Racing-150x150.jpg\" class=\"attachment-thumbnail size-thumbnail\" alt=\"\" \/><\/a>\n\t\t\t<\/div><\/figure>\n\t\t<\/div>\n\t\t<\/div>\n\t\t\t\t\t\t<\/div>\n\t\t\t\t<\/div>\n\t\t\t\t\t<\/div>\n\t\t<\/div>\n\t\t\t\t\t<\/div>\n\t\t<\/section>\n\t\t\t\t<\/div>\n\t\t","protected":false},"excerpt":{"rendered":"<p>Je m&rsquo;appelle Antoine Jolly, j&rsquo;ai 23 ans et je suis m\u00e9canicien dans le Garage de mon p\u00e8re.A part le Sport Auto pas grand chose, du v\u00e9lo de temps en temps o\u00f9 l&rsquo;ont fait quelques sorties entre copains. Pourquoi le sport auto ? J&rsquo;ai baign\u00e9 dedans depuis petit, a 3ans j&rsquo;\u00e9tais d\u00e9j\u00e0 dans le garage au&#8230;<\/p>\n","protected":false},"author":1,"featured_media":0,"parent":0,"menu_order":0,"comment_status":"closed","ping_status":"closed","template":"","meta":{"footnotes":""},"class_list":["post-6143","page","type-page","status-publish","hentry"],"yoast_head":"<!-- This site is optimized with the Yoast SEO plugin v27.3 - https:\/\/yoast.com\/product\/yoast-seo-wordpress\/ -->\n<title>JOLLY Antoine - ASA Artois Littoral 2<\/title>\n<meta name=\"robots\" content=\"index, follow, max-snippet:-1, max-image-preview:large, max-video-preview:-1\" \/>\n<link rel=\"canonical\" href=\"https:\/\/artoislittoral2.com\/index.php\/jolly-antoine\/\" \/>\n<meta property=\"og:locale\" content=\"fr_FR\" \/>\n<meta property=\"og:type\" content=\"article\" \/>\n<meta property=\"og:title\" content=\"JOLLY Antoine - ASA Artois Littoral 2\" \/>\n<meta property=\"og:description\" content=\"Je m&rsquo;appelle Antoine Jolly, j&rsquo;ai 23 ans et je suis m\u00e9canicien dans le Garage de mon p\u00e8re.A part le Sport Auto pas grand chose, du v\u00e9lo de temps en temps o\u00f9 l&rsquo;ont fait quelques sorties entre copains. Pourquoi le sport auto ? J&rsquo;ai baign\u00e9 dedans depuis petit, a 3ans j&rsquo;\u00e9tais d\u00e9j\u00e0 dans le garage au...\" \/>\n<meta property=\"og:url\" content=\"https:\/\/artoislittoral2.com\/index.php\/jolly-antoine\/\" \/>\n<meta property=\"og:site_name\" content=\"ASA Artois Littoral 2\" \/>\n<meta property=\"article:modified_time\" content=\"2025-03-01T08:40:04+00:00\" \/>\n<meta property=\"og:image\" content=\"https:\/\/artoislittoral2.com\/wp-content\/uploads\/2025\/03\/portrait_antoine-joly.jpg\" \/>\n\t<meta property=\"og:image:width\" content=\"281\" \/>\n\t<meta property=\"og:image:height\" content=\"326\" \/>\n\t<meta property=\"og:image:type\" content=\"image\/jpeg\" \/>\n<meta name=\"twitter:card\" content=\"summary_large_image\" \/>\n<meta name=\"twitter:label1\" content=\"Dur\u00e9e de lecture estim\u00e9e\" \/>\n\t<meta name=\"twitter:data1\" content=\"4 minutes\" \/>\n<script type=\"application\/ld+json\" class=\"yoast-schema-graph\">{\"@context\":\"https:\\\/\\\/schema.org\",\"@graph\":[{\"@type\":\"WebPage\",\"@id\":\"https:\\\/\\\/artoislittoral2.com\\\/index.php\\\/jolly-antoine\\\/\",\"url\":\"https:\\\/\\\/artoislittoral2.com\\\/index.php\\\/jolly-antoine\\\/\",\"name\":\"JOLLY Antoine - ASA Artois Littoral 2\",\"isPartOf\":{\"@id\":\"https:\\\/\\\/artoislittoral2.com\\\/#website\"},\"primaryImageOfPage\":{\"@id\":\"https:\\\/\\\/artoislittoral2.com\\\/index.php\\\/jolly-antoine\\\/#primaryimage\"},\"image\":{\"@id\":\"https:\\\/\\\/artoislittoral2.com\\\/index.php\\\/jolly-antoine\\\/#primaryimage\"},\"thumbnailUrl\":\"https:\\\/\\\/artoislittoral2.com\\\/wp-content\\\/uploads\\\/2025\\\/03\\\/portrait_antoine-joly-259x300.jpg\",\"datePublished\":\"2025-03-01T08:15:53+00:00\",\"dateModified\":\"2025-03-01T08:40:04+00:00\",\"breadcrumb\":{\"@id\":\"https:\\\/\\\/artoislittoral2.com\\\/index.php\\\/jolly-antoine\\\/#breadcrumb\"},\"inLanguage\":\"fr-FR\",\"potentialAction\":[{\"@type\":\"ReadAction\",\"target\":[\"https:\\\/\\\/artoislittoral2.com\\\/index.php\\\/jolly-antoine\\\/\"]}]},{\"@type\":\"ImageObject\",\"inLanguage\":\"fr-FR\",\"@id\":\"https:\\\/\\\/artoislittoral2.com\\\/index.php\\\/jolly-antoine\\\/#primaryimage\",\"url\":\"https:\\\/\\\/artoislittoral2.com\\\/wp-content\\\/uploads\\\/2025\\\/03\\\/portrait_antoine-joly.jpg\",\"contentUrl\":\"https:\\\/\\\/artoislittoral2.com\\\/wp-content\\\/uploads\\\/2025\\\/03\\\/portrait_antoine-joly.jpg\",\"width\":281,\"height\":326},{\"@type\":\"BreadcrumbList\",\"@id\":\"https:\\\/\\\/artoislittoral2.com\\\/index.php\\\/jolly-antoine\\\/#breadcrumb\",\"itemListElement\":[{\"@type\":\"ListItem\",\"position\":1,\"name\":\"Accueil\",\"item\":\"https:\\\/\\\/artoislittoral2.com\\\/\"},{\"@type\":\"ListItem\",\"position\":2,\"name\":\"JOLLY Antoine\"}]},{\"@type\":\"WebSite\",\"@id\":\"https:\\\/\\\/artoislittoral2.com\\\/#website\",\"url\":\"https:\\\/\\\/artoislittoral2.com\\\/\",\"name\":\"ASA Artois Littoral 2\",\"description\":\"Bienvenue \u00e0 l&#039;ASA Artois Littoral II\",\"publisher\":{\"@id\":\"https:\\\/\\\/artoislittoral2.com\\\/#organization\"},\"potentialAction\":[{\"@type\":\"SearchAction\",\"target\":{\"@type\":\"EntryPoint\",\"urlTemplate\":\"https:\\\/\\\/artoislittoral2.com\\\/?s={search_term_string}\"},\"query-input\":{\"@type\":\"PropertyValueSpecification\",\"valueRequired\":true,\"valueName\":\"search_term_string\"}}],\"inLanguage\":\"fr-FR\"},{\"@type\":\"Organization\",\"@id\":\"https:\\\/\\\/artoislittoral2.com\\\/#organization\",\"name\":\"ASA Artois Littoral 2\",\"url\":\"https:\\\/\\\/artoislittoral2.com\\\/\",\"logo\":{\"@type\":\"ImageObject\",\"inLanguage\":\"fr-FR\",\"@id\":\"https:\\\/\\\/artoislittoral2.com\\\/#\\\/schema\\\/logo\\\/image\\\/\",\"url\":\"https:\\\/\\\/artoislittoral2.com\\\/wp-content\\\/uploads\\\/2025\\\/11\\\/cropped-cropped-bandeau-2025.jpg\",\"contentUrl\":\"https:\\\/\\\/artoislittoral2.com\\\/wp-content\\\/uploads\\\/2025\\\/11\\\/cropped-cropped-bandeau-2025.jpg\",\"width\":960,\"height\":365,\"caption\":\"ASA Artois Littoral 2\"},\"image\":{\"@id\":\"https:\\\/\\\/artoislittoral2.com\\\/#\\\/schema\\\/logo\\\/image\\\/\"}}]}<\/script>\n<!-- \/ Yoast SEO plugin. -->","yoast_head_json":{"title":"JOLLY Antoine - ASA Artois Littoral 2","robots":{"index":"index","follow":"follow","max-snippet":"max-snippet:-1","max-image-preview":"max-image-preview:large","max-video-preview":"max-video-preview:-1"},"canonical":"https:\/\/artoislittoral2.com\/index.php\/jolly-antoine\/","og_locale":"fr_FR","og_type":"article","og_title":"JOLLY Antoine - ASA Artois Littoral 2","og_description":"Je m&rsquo;appelle Antoine Jolly, j&rsquo;ai 23 ans et je suis m\u00e9canicien dans le Garage de mon p\u00e8re.A part le Sport Auto pas grand chose, du v\u00e9lo de temps en temps o\u00f9 l&rsquo;ont fait quelques sorties entre copains. Pourquoi le sport auto ? J&rsquo;ai baign\u00e9 dedans depuis petit, a 3ans j&rsquo;\u00e9tais d\u00e9j\u00e0 dans le garage au...","og_url":"https:\/\/artoislittoral2.com\/index.php\/jolly-antoine\/","og_site_name":"ASA Artois Littoral 2","article_modified_time":"2025-03-01T08:40:04+00:00","og_image":[{"width":281,"height":326,"url":"https:\/\/artoislittoral2.com\/wp-content\/uploads\/2025\/03\/portrait_antoine-joly.jpg","type":"image\/jpeg"}],"twitter_card":"summary_large_image","twitter_misc":{"Dur\u00e9e de lecture estim\u00e9e":"4 minutes"},"schema":{"@context":"https:\/\/schema.org","@graph":[{"@type":"WebPage","@id":"https:\/\/artoislittoral2.com\/index.php\/jolly-antoine\/","url":"https:\/\/artoislittoral2.com\/index.php\/jolly-antoine\/","name":"JOLLY Antoine - ASA Artois Littoral 2","isPartOf":{"@id":"https:\/\/artoislittoral2.com\/#website"},"primaryImageOfPage":{"@id":"https:\/\/artoislittoral2.com\/index.php\/jolly-antoine\/#primaryimage"},"image":{"@id":"https:\/\/artoislittoral2.com\/index.php\/jolly-antoine\/#primaryimage"},"thumbnailUrl":"https:\/\/artoislittoral2.com\/wp-content\/uploads\/2025\/03\/portrait_antoine-joly-259x300.jpg","datePublished":"2025-03-01T08:15:53+00:00","dateModified":"2025-03-01T08:40:04+00:00","breadcrumb":{"@id":"https:\/\/artoislittoral2.com\/index.php\/jolly-antoine\/#breadcrumb"},"inLanguage":"fr-FR","potentialAction":[{"@type":"ReadAction","target":["https:\/\/artoislittoral2.com\/index.php\/jolly-antoine\/"]}]},{"@type":"ImageObject","inLanguage":"fr-FR","@id":"https:\/\/artoislittoral2.com\/index.php\/jolly-antoine\/#primaryimage","url":"https:\/\/artoislittoral2.com\/wp-content\/uploads\/2025\/03\/portrait_antoine-joly.jpg","contentUrl":"https:\/\/artoislittoral2.com\/wp-content\/uploads\/2025\/03\/portrait_antoine-joly.jpg","width":281,"height":326},{"@type":"BreadcrumbList","@id":"https:\/\/artoislittoral2.com\/index.php\/jolly-antoine\/#breadcrumb","itemListElement":[{"@type":"ListItem","position":1,"name":"Accueil","item":"https:\/\/artoislittoral2.com\/"},{"@type":"ListItem","position":2,"name":"JOLLY Antoine"}]},{"@type":"WebSite","@id":"https:\/\/artoislittoral2.com\/#website","url":"https:\/\/artoislittoral2.com\/","name":"ASA Artois Littoral 2","description":"Bienvenue \u00e0 l&#039;ASA Artois Littoral II","publisher":{"@id":"https:\/\/artoislittoral2.com\/#organization"},"potentialAction":[{"@type":"SearchAction","target":{"@type":"EntryPoint","urlTemplate":"https:\/\/artoislittoral2.com\/?s={search_term_string}"},"query-input":{"@type":"PropertyValueSpecification","valueRequired":true,"valueName":"search_term_string"}}],"inLanguage":"fr-FR"},{"@type":"Organization","@id":"https:\/\/artoislittoral2.com\/#organization","name":"ASA Artois Littoral 2","url":"https:\/\/artoislittoral2.com\/","logo":{"@type":"ImageObject","inLanguage":"fr-FR","@id":"https:\/\/artoislittoral2.com\/#\/schema\/logo\/image\/","url":"https:\/\/artoislittoral2.com\/wp-content\/uploads\/2025\/11\/cropped-cropped-bandeau-2025.jpg","contentUrl":"https:\/\/artoislittoral2.com\/wp-content\/uploads\/2025\/11\/cropped-cropped-bandeau-2025.jpg","width":960,"height":365,"caption":"ASA Artois Littoral 2"},"image":{"@id":"https:\/\/artoislittoral2.com\/#\/schema\/logo\/image\/"}}]}},"jetpack_sharing_enabled":true,"_links":{"self":[{"href":"https:\/\/artoislittoral2.com\/index.php\/wp-json\/wp\/v2\/pages\/6143","targetHints":{"allow":["GET"]}}],"collection":[{"href":"https:\/\/artoislittoral2.com\/index.php\/wp-json\/wp\/v2\/pages"}],"about":[{"href":"https:\/\/artoislittoral2.com\/index.php\/wp-json\/wp\/v2\/types\/page"}],"author":[{"embeddable":true,"href":"https:\/\/artoislittoral2.com\/index.php\/wp-json\/wp\/v2\/users\/1"}],"replies":[{"embeddable":true,"href":"https:\/\/artoislittoral2.com\/index.php\/wp-json\/wp\/v2\/comments?post=6143"}],"version-history":[{"count":24,"href":"https:\/\/artoislittoral2.com\/index.php\/wp-json\/wp\/v2\/pages\/6143\/revisions"}],"predecessor-version":[{"id":6189,"href":"https:\/\/artoislittoral2.com\/index.php\/wp-json\/wp\/v2\/pages\/6143\/revisions\/6189"}],"wp:attachment":[{"href":"https:\/\/artoislittoral2.com\/index.php\/wp-json\/wp\/v2\/media?parent=6143"}],"curies":[{"name":"wp","href":"https:\/\/api.w.org\/{rel}","templated":true}]}}