{"id":6402,"date":"2025-03-09T10:55:39","date_gmt":"2025-03-09T09:55:39","guid":{"rendered":"https:\/\/artoislittoral2.com\/?page_id=6402"},"modified":"2025-04-03T20:58:44","modified_gmt":"2025-04-03T18:58:44","slug":"souillart-clara","status":"publish","type":"page","link":"https:\/\/artoislittoral2.com\/index.php\/souillart-clara\/","title":{"rendered":"SOUILLART Clara"},"content":{"rendered":"\t\t<div data-elementor-type=\"wp-page\" data-elementor-id=\"6402\" class=\"elementor elementor-6402\">\n\t\t\t\t\t\t<section class=\"elementor-section elementor-top-section elementor-element elementor-element-f467871 elementor-section-boxed elementor-section-height-default elementor-section-height-default\" data-id=\"f467871\" data-element_type=\"section\" data-e-type=\"section\">\n\t\t\t\t\t\t<div class=\"elementor-container elementor-column-gap-default\">\n\t\t\t\t\t<div class=\"elementor-column elementor-col-100 elementor-top-column elementor-element elementor-element-20f4d1d9\" data-id=\"20f4d1d9\" data-element_type=\"column\" data-e-type=\"column\">\n\t\t\t<div class=\"elementor-widget-wrap elementor-element-populated\">\n\t\t\t\t\t\t<div class=\"elementor-element elementor-element-68c1aabf elementor-widget elementor-widget-text-editor\" data-id=\"68c1aabf\" data-element_type=\"widget\" data-e-type=\"widget\" data-widget_type=\"text-editor.default\">\n\t\t\t\t<div class=\"elementor-widget-container\">\n\t\t\t\t\t\t\t\t\t<p><img fetchpriority=\"high\" decoding=\"async\" class=\"size-medium wp-image-6521 alignleft\" src=\"https:\/\/artoislittoral2.com\/wp-content\/uploads\/2025\/03\/portrait-300x300.jpeg\" alt=\"\" width=\"300\" height=\"300\" srcset=\"https:\/\/artoislittoral2.com\/wp-content\/uploads\/2025\/03\/portrait-300x299.jpeg 300w, https:\/\/artoislittoral2.com\/wp-content\/uploads\/2025\/03\/portrait-150x150.jpeg 150w, https:\/\/artoislittoral2.com\/wp-content\/uploads\/2025\/03\/portrait.jpeg 322w\" sizes=\"(max-width: 300px) 100vw, 300px\" \/><\/p><p><span style=\"color: #000000;\">Je fais de mon travail une de mes passions, je suis fleuriste , sans oublier ma passion pour mes petites b\u00eates \u00e0 quatre pattes , mes chevaux et mon petit chien hihi <\/span><\/p><p><span style=\"color: #0000ff;\">Pourquoi le sport auto ?<\/span><\/p><p><span style=\"color: #000000;\">C\u2019est une passion qui nous fait sentir VIVANT , mon p\u00e8re me fait baigner dedans depuis toute petite , et merci \u00e0 mon copain de me permettre de rouler avec lui<\/span><\/p><p><span style=\"color: #0000ff;\">Quelles sont tes plus belles exp\u00e9riences et r\u00e9ussites ? Sur quelle \u00e9preuve ?<\/span><\/p><p><span style=\"color: #000000;\">Une de mes plus belles exp\u00e9riences est la premi\u00e8re ! <\/span><br \/><span style=\"color: #000000;\">Un grand merci \u00e0 mon p\u00e8re de m\u2019avoir transmis cette incroyable passion<\/span><\/p><div id=\"docs-chrome\" class=\"docs-material companion-enabled\" tabindex=\"0\" role=\"banner\" aria-label=\"Barre de menus\"><div id=\"docs-additional-bars\"><div id=\"formula-bar-container\"><div id=\"formula-bar-name-box-wrapper\" class=\"name-box-enabled formula-bar-with-name-box-wrapper\"><div id=\"formula-bar\" class=\"formula-bar\"><div id=\"t-formula-bar-input-container\"><div dir=\"ltr\"><div id=\"t-formula-bar-input\" spellcheck=\"false\"><div class=\"cell-input\" dir=\"ltr\" tabindex=\"0\" role=\"combobox\" contenteditable=\"true\" aria-autocomplete=\"list\"><p><span style=\"color: #0000ff;\">Y a t-il des exp\u00e9riences \u00e0 oublier ?<br \/><\/span><span style=\"color: #000000;\">Non , et je ne l\u2019esp\u00e8re jamais<br \/><\/span><\/p><\/div><\/div><\/div><\/div><\/div><\/div><\/div><\/div><\/div><p><span style=\"color: #0000ff;\">Quels sont tes objectifs ?<br \/><\/span><span style=\"color: #000000;\">Mes objectifs sont d\u00e9j\u00e0 de finir chaque rallye dans la limite du raisonnable et pourquoi pas finir sur le podium un peu plus haut , mais surtout de rendre fi\u00e8r mon tonton qui nous regarde de la haut <\/span><\/p>\t\t\t\t\t\t\t\t<\/div>\n\t\t\t\t<\/div>\n\t\t\t\t\t<\/div>\n\t\t<\/div>\n\t\t\t\t\t<\/div>\n\t\t<\/section>\n\t\t\t\t<section class=\"elementor-section elementor-top-section elementor-element elementor-element-22f284c elementor-section-boxed elementor-section-height-default elementor-section-height-default\" data-id=\"22f284c\" data-element_type=\"section\" data-e-type=\"section\">\n\t\t\t\t\t\t<div class=\"elementor-container elementor-column-gap-default\">\n\t\t\t\t\t<div class=\"elementor-column elementor-col-100 elementor-top-column elementor-element elementor-element-4fe02f3\" data-id=\"4fe02f3\" data-element_type=\"column\" data-e-type=\"column\">\n\t\t\t<div class=\"elementor-widget-wrap elementor-element-populated\">\n\t\t\t\t\t\t<div class=\"elementor-element elementor-element-579362c gallery-spacing-custom elementor-widget elementor-widget-image-gallery\" data-id=\"579362c\" data-element_type=\"widget\" data-e-type=\"widget\" data-widget_type=\"image-gallery.default\">\n\t\t\t\t<div class=\"elementor-widget-container\">\n\t\t\t\t\t\t\t<div class=\"elementor-image-gallery\">\n\t\t\t<div id='gallery-1' class='gallery galleryid-6402 gallery-columns-3 gallery-size-thumbnail'><figure class='gallery-item'>\n\t\t\t<div class='gallery-icon landscape'>\n\t\t\t\t<a data-elementor-open-lightbox=\"yes\" data-elementor-lightbox-slideshow=\"579362c\" data-elementor-lightbox-title=\"image3v\" data-e-action-hash=\"#elementor-action%3Aaction%3Dlightbox%26settings%3DeyJpZCI6NjUyMCwidXJsIjoiaHR0cHM6XC9cL2FydG9pc2xpdHRvcmFsMi5jb21cL3dwLWNvbnRlbnRcL3VwbG9hZHNcLzIwMjVcLzAzXC9pbWFnZTN2LmpwZWciLCJzbGlkZXNob3ciOiI1NzkzNjJjIn0%3D\" href='https:\/\/artoislittoral2.com\/wp-content\/uploads\/2025\/03\/image3v.jpeg'><img decoding=\"async\" width=\"150\" height=\"150\" src=\"https:\/\/artoislittoral2.com\/wp-content\/uploads\/2025\/03\/image3v-150x150.jpeg\" class=\"attachment-thumbnail size-thumbnail\" alt=\"\" \/><\/a>\n\t\t\t<\/div><\/figure><figure class='gallery-item'>\n\t\t\t<div class='gallery-icon landscape'>\n\t\t\t\t<a data-elementor-open-lightbox=\"yes\" data-elementor-lightbox-slideshow=\"579362c\" data-elementor-lightbox-title=\"image2v\" data-e-action-hash=\"#elementor-action%3Aaction%3Dlightbox%26settings%3DeyJpZCI6NjUxOSwidXJsIjoiaHR0cHM6XC9cL2FydG9pc2xpdHRvcmFsMi5jb21cL3dwLWNvbnRlbnRcL3VwbG9hZHNcLzIwMjVcLzAzXC9pbWFnZTJ2LmpwZWciLCJzbGlkZXNob3ciOiI1NzkzNjJjIn0%3D\" href='https:\/\/artoislittoral2.com\/wp-content\/uploads\/2025\/03\/image2v.jpeg'><img decoding=\"async\" width=\"150\" height=\"150\" src=\"https:\/\/artoislittoral2.com\/wp-content\/uploads\/2025\/03\/image2v-150x150.jpeg\" class=\"attachment-thumbnail size-thumbnail\" alt=\"\" \/><\/a>\n\t\t\t<\/div><\/figure><figure class='gallery-item'>\n\t\t\t<div class='gallery-icon landscape'>\n\t\t\t\t<a data-elementor-open-lightbox=\"yes\" data-elementor-lightbox-slideshow=\"579362c\" data-elementor-lightbox-title=\"image2\" data-e-action-hash=\"#elementor-action%3Aaction%3Dlightbox%26settings%3DeyJpZCI6NjUxOCwidXJsIjoiaHR0cHM6XC9cL2FydG9pc2xpdHRvcmFsMi5jb21cL3dwLWNvbnRlbnRcL3VwbG9hZHNcLzIwMjVcLzAzXC9pbWFnZTIuanBlZyIsInNsaWRlc2hvdyI6IjU3OTM2MmMifQ%3D%3D\" href='https:\/\/artoislittoral2.com\/wp-content\/uploads\/2025\/03\/image2.jpeg'><img loading=\"lazy\" decoding=\"async\" width=\"150\" height=\"150\" src=\"https:\/\/artoislittoral2.com\/wp-content\/uploads\/2025\/03\/image2-150x150.jpeg\" class=\"attachment-thumbnail size-thumbnail\" alt=\"\" \/><\/a>\n\t\t\t<\/div><\/figure><figure class='gallery-item'>\n\t\t\t<div class='gallery-icon portrait'>\n\t\t\t\t<a data-elementor-open-lightbox=\"yes\" data-elementor-lightbox-slideshow=\"579362c\" data-elementor-lightbox-title=\"image1v\" data-e-action-hash=\"#elementor-action%3Aaction%3Dlightbox%26settings%3DeyJpZCI6NjUxNywidXJsIjoiaHR0cHM6XC9cL2FydG9pc2xpdHRvcmFsMi5jb21cL3dwLWNvbnRlbnRcL3VwbG9hZHNcLzIwMjVcLzAzXC9pbWFnZTF2LnBuZyIsInNsaWRlc2hvdyI6IjU3OTM2MmMifQ%3D%3D\" href='https:\/\/artoislittoral2.com\/wp-content\/uploads\/2025\/03\/image1v.png'><img loading=\"lazy\" decoding=\"async\" width=\"150\" height=\"150\" src=\"https:\/\/artoislittoral2.com\/wp-content\/uploads\/2025\/03\/image1v-150x150.png\" class=\"attachment-thumbnail size-thumbnail\" alt=\"\" \/><\/a>\n\t\t\t<\/div><\/figure><figure class='gallery-item'>\n\t\t\t<div class='gallery-icon landscape'>\n\t\t\t\t<a data-elementor-open-lightbox=\"yes\" data-elementor-lightbox-slideshow=\"579362c\" data-elementor-lightbox-title=\"image1\" data-e-action-hash=\"#elementor-action%3Aaction%3Dlightbox%26settings%3DeyJpZCI6NjUxNiwidXJsIjoiaHR0cHM6XC9cL2FydG9pc2xpdHRvcmFsMi5jb21cL3dwLWNvbnRlbnRcL3VwbG9hZHNcLzIwMjVcLzAzXC9pbWFnZTEuanBlZyIsInNsaWRlc2hvdyI6IjU3OTM2MmMifQ%3D%3D\" href='https:\/\/artoislittoral2.com\/wp-content\/uploads\/2025\/03\/image1.jpeg'><img loading=\"lazy\" decoding=\"async\" width=\"150\" height=\"150\" src=\"https:\/\/artoislittoral2.com\/wp-content\/uploads\/2025\/03\/image1-150x150.jpeg\" class=\"attachment-thumbnail size-thumbnail\" alt=\"\" \/><\/a>\n\t\t\t<\/div><\/figure><figure class='gallery-item'>\n\t\t\t<div class='gallery-icon landscape'>\n\t\t\t\t<a data-elementor-open-lightbox=\"yes\" data-elementor-lightbox-slideshow=\"579362c\" data-elementor-lightbox-title=\"image0\" data-e-action-hash=\"#elementor-action%3Aaction%3Dlightbox%26settings%3DeyJpZCI6NjUxNSwidXJsIjoiaHR0cHM6XC9cL2FydG9pc2xpdHRvcmFsMi5jb21cL3dwLWNvbnRlbnRcL3VwbG9hZHNcLzIwMjVcLzAzXC9pbWFnZTAuanBlZyIsInNsaWRlc2hvdyI6IjU3OTM2MmMifQ%3D%3D\" href='https:\/\/artoislittoral2.com\/wp-content\/uploads\/2025\/03\/image0.jpeg'><img loading=\"lazy\" decoding=\"async\" width=\"150\" height=\"150\" src=\"https:\/\/artoislittoral2.com\/wp-content\/uploads\/2025\/03\/image0-150x150.jpeg\" class=\"attachment-thumbnail size-thumbnail\" alt=\"\" \/><\/a>\n\t\t\t<\/div><\/figure>\n\t\t<\/div>\n\t\t<\/div>\n\t\t\t\t\t\t<\/div>\n\t\t\t\t<\/div>\n\t\t\t\t\t<\/div>\n\t\t<\/div>\n\t\t\t\t\t<\/div>\n\t\t<\/section>\n\t\t\t\t<\/div>\n\t\t","protected":false},"excerpt":{"rendered":"<p>Je fais de mon travail une de mes passions, je suis fleuriste , sans oublier ma passion pour mes petites b\u00eates \u00e0 quatre pattes , mes chevaux et mon petit chien hihi Pourquoi le sport auto ? C\u2019est une passion qui nous fait sentir VIVANT , mon p\u00e8re me fait baigner dedans depuis toute petite&#8230;<\/p>\n","protected":false},"author":1,"featured_media":0,"parent":0,"menu_order":0,"comment_status":"closed","ping_status":"closed","template":"","meta":{"footnotes":""},"class_list":["post-6402","page","type-page","status-publish","hentry"],"yoast_head":"<!-- This site is optimized with the Yoast SEO plugin v27.3 - https:\/\/yoast.com\/product\/yoast-seo-wordpress\/ -->\n<title>SOUILLART Clara - ASA Artois Littoral 2<\/title>\n<meta name=\"robots\" content=\"index, follow, max-snippet:-1, max-image-preview:large, max-video-preview:-1\" \/>\n<link rel=\"canonical\" href=\"https:\/\/artoislittoral2.com\/index.php\/souillart-clara\/\" \/>\n<meta property=\"og:locale\" content=\"fr_FR\" \/>\n<meta property=\"og:type\" content=\"article\" \/>\n<meta property=\"og:title\" content=\"SOUILLART Clara - ASA Artois Littoral 2\" \/>\n<meta property=\"og:description\" content=\"Je fais de mon travail une de mes passions, je suis fleuriste , sans oublier ma passion pour mes petites b\u00eates \u00e0 quatre pattes , mes chevaux et mon petit chien hihi Pourquoi le sport auto ? C\u2019est une passion qui nous fait sentir VIVANT , mon p\u00e8re me fait baigner dedans depuis toute petite...\" \/>\n<meta property=\"og:url\" content=\"https:\/\/artoislittoral2.com\/index.php\/souillart-clara\/\" \/>\n<meta property=\"og:site_name\" content=\"ASA Artois Littoral 2\" \/>\n<meta property=\"article:modified_time\" content=\"2025-04-03T18:58:44+00:00\" \/>\n<meta property=\"og:image\" content=\"https:\/\/artoislittoral2.com\/wp-content\/uploads\/2025\/03\/portrait.jpeg\" \/>\n\t<meta property=\"og:image:width\" content=\"322\" \/>\n\t<meta property=\"og:image:height\" content=\"321\" \/>\n\t<meta property=\"og:image:type\" content=\"image\/jpeg\" \/>\n<meta name=\"twitter:card\" content=\"summary_large_image\" \/>\n<meta name=\"twitter:label1\" content=\"Dur\u00e9e de lecture estim\u00e9e\" \/>\n\t<meta name=\"twitter:data1\" content=\"3 minutes\" \/>\n<script type=\"application\/ld+json\" class=\"yoast-schema-graph\">{\"@context\":\"https:\\\/\\\/schema.org\",\"@graph\":[{\"@type\":\"WebPage\",\"@id\":\"https:\\\/\\\/artoislittoral2.com\\\/index.php\\\/souillart-clara\\\/\",\"url\":\"https:\\\/\\\/artoislittoral2.com\\\/index.php\\\/souillart-clara\\\/\",\"name\":\"SOUILLART Clara - ASA Artois Littoral 2\",\"isPartOf\":{\"@id\":\"https:\\\/\\\/artoislittoral2.com\\\/#website\"},\"primaryImageOfPage\":{\"@id\":\"https:\\\/\\\/artoislittoral2.com\\\/index.php\\\/souillart-clara\\\/#primaryimage\"},\"image\":{\"@id\":\"https:\\\/\\\/artoislittoral2.com\\\/index.php\\\/souillart-clara\\\/#primaryimage\"},\"thumbnailUrl\":\"https:\\\/\\\/artoislittoral2.com\\\/wp-content\\\/uploads\\\/2025\\\/03\\\/portrait-300x300.jpeg\",\"datePublished\":\"2025-03-09T09:55:39+00:00\",\"dateModified\":\"2025-04-03T18:58:44+00:00\",\"breadcrumb\":{\"@id\":\"https:\\\/\\\/artoislittoral2.com\\\/index.php\\\/souillart-clara\\\/#breadcrumb\"},\"inLanguage\":\"fr-FR\",\"potentialAction\":[{\"@type\":\"ReadAction\",\"target\":[\"https:\\\/\\\/artoislittoral2.com\\\/index.php\\\/souillart-clara\\\/\"]}]},{\"@type\":\"ImageObject\",\"inLanguage\":\"fr-FR\",\"@id\":\"https:\\\/\\\/artoislittoral2.com\\\/index.php\\\/souillart-clara\\\/#primaryimage\",\"url\":\"https:\\\/\\\/artoislittoral2.com\\\/wp-content\\\/uploads\\\/2025\\\/03\\\/portrait.jpeg\",\"contentUrl\":\"https:\\\/\\\/artoislittoral2.com\\\/wp-content\\\/uploads\\\/2025\\\/03\\\/portrait.jpeg\",\"width\":322,\"height\":321},{\"@type\":\"BreadcrumbList\",\"@id\":\"https:\\\/\\\/artoislittoral2.com\\\/index.php\\\/souillart-clara\\\/#breadcrumb\",\"itemListElement\":[{\"@type\":\"ListItem\",\"position\":1,\"name\":\"Accueil\",\"item\":\"https:\\\/\\\/artoislittoral2.com\\\/\"},{\"@type\":\"ListItem\",\"position\":2,\"name\":\"SOUILLART Clara\"}]},{\"@type\":\"WebSite\",\"@id\":\"https:\\\/\\\/artoislittoral2.com\\\/#website\",\"url\":\"https:\\\/\\\/artoislittoral2.com\\\/\",\"name\":\"ASA Artois Littoral 2\",\"description\":\"Bienvenue \u00e0 l&#039;ASA Artois Littoral II\",\"publisher\":{\"@id\":\"https:\\\/\\\/artoislittoral2.com\\\/#organization\"},\"potentialAction\":[{\"@type\":\"SearchAction\",\"target\":{\"@type\":\"EntryPoint\",\"urlTemplate\":\"https:\\\/\\\/artoislittoral2.com\\\/?s={search_term_string}\"},\"query-input\":{\"@type\":\"PropertyValueSpecification\",\"valueRequired\":true,\"valueName\":\"search_term_string\"}}],\"inLanguage\":\"fr-FR\"},{\"@type\":\"Organization\",\"@id\":\"https:\\\/\\\/artoislittoral2.com\\\/#organization\",\"name\":\"ASA Artois Littoral 2\",\"url\":\"https:\\\/\\\/artoislittoral2.com\\\/\",\"logo\":{\"@type\":\"ImageObject\",\"inLanguage\":\"fr-FR\",\"@id\":\"https:\\\/\\\/artoislittoral2.com\\\/#\\\/schema\\\/logo\\\/image\\\/\",\"url\":\"https:\\\/\\\/artoislittoral2.com\\\/wp-content\\\/uploads\\\/2025\\\/11\\\/cropped-cropped-bandeau-2025.jpg\",\"contentUrl\":\"https:\\\/\\\/artoislittoral2.com\\\/wp-content\\\/uploads\\\/2025\\\/11\\\/cropped-cropped-bandeau-2025.jpg\",\"width\":960,\"height\":365,\"caption\":\"ASA Artois Littoral 2\"},\"image\":{\"@id\":\"https:\\\/\\\/artoislittoral2.com\\\/#\\\/schema\\\/logo\\\/image\\\/\"}}]}<\/script>\n<!-- \/ Yoast SEO plugin. -->","yoast_head_json":{"title":"SOUILLART Clara - ASA Artois Littoral 2","robots":{"index":"index","follow":"follow","max-snippet":"max-snippet:-1","max-image-preview":"max-image-preview:large","max-video-preview":"max-video-preview:-1"},"canonical":"https:\/\/artoislittoral2.com\/index.php\/souillart-clara\/","og_locale":"fr_FR","og_type":"article","og_title":"SOUILLART Clara - ASA Artois Littoral 2","og_description":"Je fais de mon travail une de mes passions, je suis fleuriste , sans oublier ma passion pour mes petites b\u00eates \u00e0 quatre pattes , mes chevaux et mon petit chien hihi Pourquoi le sport auto ? C\u2019est une passion qui nous fait sentir VIVANT , mon p\u00e8re me fait baigner dedans depuis toute petite...","og_url":"https:\/\/artoislittoral2.com\/index.php\/souillart-clara\/","og_site_name":"ASA Artois Littoral 2","article_modified_time":"2025-04-03T18:58:44+00:00","og_image":[{"width":322,"height":321,"url":"https:\/\/artoislittoral2.com\/wp-content\/uploads\/2025\/03\/portrait.jpeg","type":"image\/jpeg"}],"twitter_card":"summary_large_image","twitter_misc":{"Dur\u00e9e de lecture estim\u00e9e":"3 minutes"},"schema":{"@context":"https:\/\/schema.org","@graph":[{"@type":"WebPage","@id":"https:\/\/artoislittoral2.com\/index.php\/souillart-clara\/","url":"https:\/\/artoislittoral2.com\/index.php\/souillart-clara\/","name":"SOUILLART Clara - ASA Artois Littoral 2","isPartOf":{"@id":"https:\/\/artoislittoral2.com\/#website"},"primaryImageOfPage":{"@id":"https:\/\/artoislittoral2.com\/index.php\/souillart-clara\/#primaryimage"},"image":{"@id":"https:\/\/artoislittoral2.com\/index.php\/souillart-clara\/#primaryimage"},"thumbnailUrl":"https:\/\/artoislittoral2.com\/wp-content\/uploads\/2025\/03\/portrait-300x300.jpeg","datePublished":"2025-03-09T09:55:39+00:00","dateModified":"2025-04-03T18:58:44+00:00","breadcrumb":{"@id":"https:\/\/artoislittoral2.com\/index.php\/souillart-clara\/#breadcrumb"},"inLanguage":"fr-FR","potentialAction":[{"@type":"ReadAction","target":["https:\/\/artoislittoral2.com\/index.php\/souillart-clara\/"]}]},{"@type":"ImageObject","inLanguage":"fr-FR","@id":"https:\/\/artoislittoral2.com\/index.php\/souillart-clara\/#primaryimage","url":"https:\/\/artoislittoral2.com\/wp-content\/uploads\/2025\/03\/portrait.jpeg","contentUrl":"https:\/\/artoislittoral2.com\/wp-content\/uploads\/2025\/03\/portrait.jpeg","width":322,"height":321},{"@type":"BreadcrumbList","@id":"https:\/\/artoislittoral2.com\/index.php\/souillart-clara\/#breadcrumb","itemListElement":[{"@type":"ListItem","position":1,"name":"Accueil","item":"https:\/\/artoislittoral2.com\/"},{"@type":"ListItem","position":2,"name":"SOUILLART Clara"}]},{"@type":"WebSite","@id":"https:\/\/artoislittoral2.com\/#website","url":"https:\/\/artoislittoral2.com\/","name":"ASA Artois Littoral 2","description":"Bienvenue \u00e0 l&#039;ASA Artois Littoral II","publisher":{"@id":"https:\/\/artoislittoral2.com\/#organization"},"potentialAction":[{"@type":"SearchAction","target":{"@type":"EntryPoint","urlTemplate":"https:\/\/artoislittoral2.com\/?s={search_term_string}"},"query-input":{"@type":"PropertyValueSpecification","valueRequired":true,"valueName":"search_term_string"}}],"inLanguage":"fr-FR"},{"@type":"Organization","@id":"https:\/\/artoislittoral2.com\/#organization","name":"ASA Artois Littoral 2","url":"https:\/\/artoislittoral2.com\/","logo":{"@type":"ImageObject","inLanguage":"fr-FR","@id":"https:\/\/artoislittoral2.com\/#\/schema\/logo\/image\/","url":"https:\/\/artoislittoral2.com\/wp-content\/uploads\/2025\/11\/cropped-cropped-bandeau-2025.jpg","contentUrl":"https:\/\/artoislittoral2.com\/wp-content\/uploads\/2025\/11\/cropped-cropped-bandeau-2025.jpg","width":960,"height":365,"caption":"ASA Artois Littoral 2"},"image":{"@id":"https:\/\/artoislittoral2.com\/#\/schema\/logo\/image\/"}}]}},"jetpack_sharing_enabled":true,"_links":{"self":[{"href":"https:\/\/artoislittoral2.com\/index.php\/wp-json\/wp\/v2\/pages\/6402","targetHints":{"allow":["GET"]}}],"collection":[{"href":"https:\/\/artoislittoral2.com\/index.php\/wp-json\/wp\/v2\/pages"}],"about":[{"href":"https:\/\/artoislittoral2.com\/index.php\/wp-json\/wp\/v2\/types\/page"}],"author":[{"embeddable":true,"href":"https:\/\/artoislittoral2.com\/index.php\/wp-json\/wp\/v2\/users\/1"}],"replies":[{"embeddable":true,"href":"https:\/\/artoislittoral2.com\/index.php\/wp-json\/wp\/v2\/comments?post=6402"}],"version-history":[{"count":21,"href":"https:\/\/artoislittoral2.com\/index.php\/wp-json\/wp\/v2\/pages\/6402\/revisions"}],"predecessor-version":[{"id":6575,"href":"https:\/\/artoislittoral2.com\/index.php\/wp-json\/wp\/v2\/pages\/6402\/revisions\/6575"}],"wp:attachment":[{"href":"https:\/\/artoislittoral2.com\/index.php\/wp-json\/wp\/v2\/media?parent=6402"}],"curies":[{"name":"wp","href":"https:\/\/api.w.org\/{rel}","templated":true}]}}