{"id":7754,"date":"2026-02-15T17:18:01","date_gmt":"2026-02-15T16:18:01","guid":{"rendered":"https:\/\/artoislittoral2.com\/?page_id=7754"},"modified":"2026-02-15T17:20:30","modified_gmt":"2026-02-15T16:20:30","slug":"rolin-edouart","status":"publish","type":"page","link":"https:\/\/artoislittoral2.com\/index.php\/rolin-edouart\/","title":{"rendered":"ROLIN Edouart"},"content":{"rendered":"\t\t<div data-elementor-type=\"wp-page\" data-elementor-id=\"7754\" class=\"elementor elementor-7754\">\n\t\t\t\t\t\t<section class=\"elementor-section elementor-top-section elementor-element elementor-element-728b0af elementor-section-boxed elementor-section-height-default elementor-section-height-default\" data-id=\"728b0af\" data-element_type=\"section\" data-e-type=\"section\">\n\t\t\t\t\t\t<div class=\"elementor-container elementor-column-gap-default\">\n\t\t\t\t\t<div class=\"elementor-column elementor-col-100 elementor-top-column elementor-element elementor-element-b99008e\" data-id=\"b99008e\" data-element_type=\"column\" data-e-type=\"column\">\n\t\t\t<div class=\"elementor-widget-wrap elementor-element-populated\">\n\t\t\t\t\t\t<div class=\"elementor-element elementor-element-92cb4c0 elementor-widget elementor-widget-text-editor\" data-id=\"92cb4c0\" data-element_type=\"widget\" data-e-type=\"widget\" data-widget_type=\"text-editor.default\">\n\t\t\t\t<div class=\"elementor-widget-container\">\n\t\t\t\t\t\t\t\t\t<div dir=\"auto\"><span style=\"color: #000000;\"><img fetchpriority=\"high\" decoding=\"async\" class=\"size-medium wp-image-7755 alignleft\" src=\"https:\/\/artoislittoral2.com\/wp-content\/uploads\/2026\/02\/portrait_rolin_edouart-262x300.jpg\" alt=\"\" width=\"262\" height=\"300\" srcset=\"https:\/\/artoislittoral2.com\/wp-content\/uploads\/2026\/02\/portrait_rolin_edouart-262x300.jpg 262w, https:\/\/artoislittoral2.com\/wp-content\/uploads\/2026\/02\/portrait_rolin_edouart-896x1024.jpg 896w, https:\/\/artoislittoral2.com\/wp-content\/uploads\/2026\/02\/portrait_rolin_edouart-768x878.jpg 768w, https:\/\/artoislittoral2.com\/wp-content\/uploads\/2026\/02\/portrait_rolin_edouart-1343x1536.jpg 1343w, https:\/\/artoislittoral2.com\/wp-content\/uploads\/2026\/02\/portrait_rolin_edouart-300x343.jpg 300w, https:\/\/artoislittoral2.com\/wp-content\/uploads\/2026\/02\/portrait_rolin_edouart-850x972.jpg 850w, https:\/\/artoislittoral2.com\/wp-content\/uploads\/2026\/02\/portrait_rolin_edouart.jpg 1367w\" sizes=\"(max-width: 262px) 100vw, 262px\" \/>Edouard 24 ans et bient\u00f4t le quart de si\u00e8cle \ud83d\ude05<\/span><\/div><div dir=\"auto\"><span style=\"color: #000000;\">Amateur de voiture depuis tout petit, j&rsquo;allais voir mes oncles sur plusieurs rallyes de la r\u00e9gion sur les \u00e9paules de ma m\u00e8re. J&rsquo;ai aussi de bons souvenirs des passages spectaculaire de C\u00e9dric Valentin avec la BMW M3, Laurent Bayard avec la Renault Clio F2014 ainsi que les WRC de Jos\u00e9 Barbara, Jimmy Manessier ou Paul Lietaer mais aussi la finale \u00e0 Dunkerque en 2009.<\/span><\/div><div dir=\"auto\"><span style=\"color: #000000;\">En grandissant j&rsquo;ai eu l&rsquo;occasion d&rsquo;aller voir un peu plus de rallye gr\u00e2ce \u00e0 mon oncle et mon p\u00e8re.\u00a0<\/span><\/div><div dir=\"auto\"><span style=\"color: #000000;\">Une fois le permis obtenu et la passion grandissante j&rsquo;ai d\u00e9cid\u00e9 d&rsquo;aller voir des rallyes un peu partout en France ainsi qu&rsquo;en Belgique, Autriche et \u00e0 Saint Marin.\u00a0<\/span><\/div><div dir=\"auto\"><span style=\"color: #000000;\">J&rsquo;ai donc eu l&rsquo;occasion de voir plusieurs manches de WRC, de CFR, BRC ainsi que des rallyes festival.<\/span><\/div><div dir=\"auto\"><span style=\"color: #000000;\">Apr\u00e8s plusieurs ann\u00e9es en spectateur, une envie de d\u00e9couvrir le rallye de l&rsquo;int\u00e9rieur et les copains qui m&rsquo;ont un peu pouss\u00e9, j&rsquo;ai d\u00e9cid\u00e9 de me lancer en tant que copilote en 2025.<\/span><\/div><div dir=\"auto\"><span style=\"color: #000000;\">J\u00e9r\u00f4me R\u00e9gnier m&rsquo;a aid\u00e9 a d\u00e9velopp\u00e9 et comprendre le syst\u00e8me de note et nous avons mis \u00e7a en application. La saison pouvait d\u00e9marrer.<\/span><\/div><div dir=\"auto\"><span style=\"color: #000000;\">Aston Lepr\u00eatre m&rsquo;a laiss\u00e9 ma chance lors du Rallye de la lys (mon rallye de coeur) o\u00f9 j&rsquo;ai pu me familiariser avec le r\u00f4le de copilote, j&rsquo;ai ensuite fait 2 rallyes avec Claude Boutoille et eu l&rsquo;occasion de d\u00e9couvrir les routes de montagne au rallye de l&rsquo;Ard\u00e8che. La saison c&rsquo;est cl\u00f4tur\u00e9 au pays du lin \u00e0 droite d&rsquo;Hugo Cleenewerck (un ami du lyc\u00e9e) o\u00f9 nous avons test\u00e9 de nouvelles choses pour le futur.<\/span><\/div><div dir=\"auto\">\u00a0<\/div><div dir=\"auto\"><span style=\"color: #000000;\">C\u00f4t\u00e9 Pro:\u00a0<\/span><\/div><div dir=\"auto\"><span style=\"color: #000000;\">Apr\u00e8s plusieurs ann\u00e9es en tant que cariste j&rsquo;ai choisi de changer de voie professionnelle.<\/span><\/div><div dir=\"auto\"><span style=\"color: #000000;\">Apr\u00e8s avoir d\u00e9couvert la possibilit\u00e9 de devenir Moniteur en pilotage gr\u00e2ce \u00e0 Tom Joly, j&rsquo;ai d\u00e9cid\u00e9 de suivre la m\u00eame voie et j&rsquo;ai d\u00e9marr\u00e9 cette ann\u00e9e au CMSA \u00e0 Saint di\u00e9 des Vosges dans le but d&rsquo;obtenir le BPJEPS \u00c9ducateur sportif en sport automobile.\u00a0<\/span><\/div><div dir=\"auto\">\u00a0<\/div><div dir=\"auto\"><span style=\"color: #000000;\">2026 est donc la possibilit\u00e9 de joindre le coaching et le rallye afin de gagner en exp\u00e9rience, travailler mon coaching, apporter mes connaissances en rallye et surtout passer de tr\u00e8s bons moments et rencontrer des personnes formidables.<\/span><\/div><div dir=\"auto\">\u00a0<\/div>\t\t\t\t\t\t\t\t<\/div>\n\t\t\t\t<\/div>\n\t\t\t\t\t<\/div>\n\t\t<\/div>\n\t\t\t\t\t<\/div>\n\t\t<\/section>\n\t\t\t\t<section class=\"elementor-section elementor-top-section elementor-element elementor-element-7343a90 elementor-section-boxed elementor-section-height-default elementor-section-height-default\" data-id=\"7343a90\" data-element_type=\"section\" data-e-type=\"section\">\n\t\t\t\t\t\t<div class=\"elementor-container elementor-column-gap-default\">\n\t\t\t\t\t<div class=\"elementor-column elementor-col-100 elementor-top-column elementor-element elementor-element-1e21f46\" data-id=\"1e21f46\" data-element_type=\"column\" data-e-type=\"column\">\n\t\t\t<div class=\"elementor-widget-wrap elementor-element-populated\">\n\t\t\t\t\t\t<div class=\"elementor-element elementor-element-1519ad4 elementor-widget elementor-widget-image\" data-id=\"1519ad4\" data-element_type=\"widget\" data-e-type=\"widget\" data-widget_type=\"image.default\">\n\t\t\t\t<div class=\"elementor-widget-container\">\n\t\t\t\t\t\t\t\t\t\t\t\t\t\t\t<img decoding=\"async\" width=\"640\" height=\"427\" src=\"https:\/\/artoislittoral2.com\/wp-content\/uploads\/2026\/02\/rolin_edouart-1024x683.jpg\" class=\"attachment-large size-large wp-image-7756\" alt=\"\" srcset=\"https:\/\/artoislittoral2.com\/wp-content\/uploads\/2026\/02\/rolin_edouart-1024x683.jpg 1024w, https:\/\/artoislittoral2.com\/wp-content\/uploads\/2026\/02\/rolin_edouart-300x200.jpg 300w, https:\/\/artoislittoral2.com\/wp-content\/uploads\/2026\/02\/rolin_edouart-768x512.jpg 768w, https:\/\/artoislittoral2.com\/wp-content\/uploads\/2026\/02\/rolin_edouart-1536x1024.jpg 1536w, https:\/\/artoislittoral2.com\/wp-content\/uploads\/2026\/02\/rolin_edouart-2048x1365.jpg 2048w, https:\/\/artoislittoral2.com\/wp-content\/uploads\/2026\/02\/rolin_edouart-850x567.jpg 850w\" sizes=\"(max-width: 640px) 100vw, 640px\" \/>\t\t\t\t\t\t\t\t\t\t\t\t\t\t\t<\/div>\n\t\t\t\t<\/div>\n\t\t\t\t\t<\/div>\n\t\t<\/div>\n\t\t\t\t\t<\/div>\n\t\t<\/section>\n\t\t\t\t<\/div>\n\t\t","protected":false},"excerpt":{"rendered":"<p>Edouard 24 ans et bient\u00f4t le quart de si\u00e8cle \ud83d\ude05Amateur de voiture depuis tout petit, j&rsquo;allais voir mes oncles sur plusieurs rallyes de la r\u00e9gion sur les \u00e9paules de ma m\u00e8re. J&rsquo;ai aussi de bons souvenirs des passages spectaculaire de C\u00e9dric Valentin avec la BMW M3, Laurent Bayard avec la Renault Clio F2014 ainsi que&#8230;<\/p>\n","protected":false},"author":1,"featured_media":0,"parent":0,"menu_order":0,"comment_status":"closed","ping_status":"closed","template":"","meta":{"footnotes":""},"class_list":["post-7754","page","type-page","status-publish","hentry"],"yoast_head":"<!-- This site is optimized with the Yoast SEO plugin v27.3 - https:\/\/yoast.com\/product\/yoast-seo-wordpress\/ -->\n<title>ROLIN Edouart - ASA Artois Littoral 2<\/title>\n<meta name=\"robots\" content=\"index, follow, max-snippet:-1, max-image-preview:large, max-video-preview:-1\" \/>\n<link rel=\"canonical\" href=\"https:\/\/artoislittoral2.com\/index.php\/rolin-edouart\/\" \/>\n<meta property=\"og:locale\" content=\"fr_FR\" \/>\n<meta property=\"og:type\" content=\"article\" \/>\n<meta property=\"og:title\" content=\"ROLIN Edouart - ASA Artois Littoral 2\" \/>\n<meta property=\"og:description\" content=\"Edouard 24 ans et bient\u00f4t le quart de si\u00e8cle \ud83d\ude05Amateur de voiture depuis tout petit, j&rsquo;allais voir mes oncles sur plusieurs rallyes de la r\u00e9gion sur les \u00e9paules de ma m\u00e8re. J&rsquo;ai aussi de bons souvenirs des passages spectaculaire de C\u00e9dric Valentin avec la BMW M3, Laurent Bayard avec la Renault Clio F2014 ainsi que...\" \/>\n<meta property=\"og:url\" content=\"https:\/\/artoislittoral2.com\/index.php\/rolin-edouart\/\" \/>\n<meta property=\"og:site_name\" content=\"ASA Artois Littoral 2\" \/>\n<meta property=\"article:modified_time\" content=\"2026-02-15T16:20:30+00:00\" \/>\n<meta property=\"og:image\" content=\"https:\/\/artoislittoral2.com\/wp-content\/uploads\/2026\/02\/portrait_rolin_edouart.jpg\" \/>\n\t<meta property=\"og:image:width\" content=\"1367\" \/>\n\t<meta property=\"og:image:height\" content=\"1563\" \/>\n\t<meta property=\"og:image:type\" content=\"image\/jpeg\" \/>\n<meta name=\"twitter:card\" content=\"summary_large_image\" \/>\n<meta name=\"twitter:label1\" content=\"Dur\u00e9e de lecture estim\u00e9e\" \/>\n\t<meta name=\"twitter:data1\" content=\"3 minutes\" \/>\n<script type=\"application\/ld+json\" class=\"yoast-schema-graph\">{\"@context\":\"https:\\\/\\\/schema.org\",\"@graph\":[{\"@type\":\"WebPage\",\"@id\":\"https:\\\/\\\/artoislittoral2.com\\\/index.php\\\/rolin-edouart\\\/\",\"url\":\"https:\\\/\\\/artoislittoral2.com\\\/index.php\\\/rolin-edouart\\\/\",\"name\":\"ROLIN Edouart - ASA Artois Littoral 2\",\"isPartOf\":{\"@id\":\"https:\\\/\\\/artoislittoral2.com\\\/#website\"},\"primaryImageOfPage\":{\"@id\":\"https:\\\/\\\/artoislittoral2.com\\\/index.php\\\/rolin-edouart\\\/#primaryimage\"},\"image\":{\"@id\":\"https:\\\/\\\/artoislittoral2.com\\\/index.php\\\/rolin-edouart\\\/#primaryimage\"},\"thumbnailUrl\":\"https:\\\/\\\/artoislittoral2.com\\\/wp-content\\\/uploads\\\/2026\\\/02\\\/portrait_rolin_edouart-262x300.jpg\",\"datePublished\":\"2026-02-15T16:18:01+00:00\",\"dateModified\":\"2026-02-15T16:20:30+00:00\",\"breadcrumb\":{\"@id\":\"https:\\\/\\\/artoislittoral2.com\\\/index.php\\\/rolin-edouart\\\/#breadcrumb\"},\"inLanguage\":\"fr-FR\",\"potentialAction\":[{\"@type\":\"ReadAction\",\"target\":[\"https:\\\/\\\/artoislittoral2.com\\\/index.php\\\/rolin-edouart\\\/\"]}]},{\"@type\":\"ImageObject\",\"inLanguage\":\"fr-FR\",\"@id\":\"https:\\\/\\\/artoislittoral2.com\\\/index.php\\\/rolin-edouart\\\/#primaryimage\",\"url\":\"https:\\\/\\\/artoislittoral2.com\\\/wp-content\\\/uploads\\\/2026\\\/02\\\/portrait_rolin_edouart.jpg\",\"contentUrl\":\"https:\\\/\\\/artoislittoral2.com\\\/wp-content\\\/uploads\\\/2026\\\/02\\\/portrait_rolin_edouart.jpg\",\"width\":1367,\"height\":1563},{\"@type\":\"BreadcrumbList\",\"@id\":\"https:\\\/\\\/artoislittoral2.com\\\/index.php\\\/rolin-edouart\\\/#breadcrumb\",\"itemListElement\":[{\"@type\":\"ListItem\",\"position\":1,\"name\":\"Accueil\",\"item\":\"https:\\\/\\\/artoislittoral2.com\\\/\"},{\"@type\":\"ListItem\",\"position\":2,\"name\":\"ROLIN Edouart\"}]},{\"@type\":\"WebSite\",\"@id\":\"https:\\\/\\\/artoislittoral2.com\\\/#website\",\"url\":\"https:\\\/\\\/artoislittoral2.com\\\/\",\"name\":\"ASA Artois Littoral 2\",\"description\":\"Bienvenue \u00e0 l&#039;ASA Artois Littoral II\",\"publisher\":{\"@id\":\"https:\\\/\\\/artoislittoral2.com\\\/#organization\"},\"potentialAction\":[{\"@type\":\"SearchAction\",\"target\":{\"@type\":\"EntryPoint\",\"urlTemplate\":\"https:\\\/\\\/artoislittoral2.com\\\/?s={search_term_string}\"},\"query-input\":{\"@type\":\"PropertyValueSpecification\",\"valueRequired\":true,\"valueName\":\"search_term_string\"}}],\"inLanguage\":\"fr-FR\"},{\"@type\":\"Organization\",\"@id\":\"https:\\\/\\\/artoislittoral2.com\\\/#organization\",\"name\":\"ASA Artois Littoral 2\",\"url\":\"https:\\\/\\\/artoislittoral2.com\\\/\",\"logo\":{\"@type\":\"ImageObject\",\"inLanguage\":\"fr-FR\",\"@id\":\"https:\\\/\\\/artoislittoral2.com\\\/#\\\/schema\\\/logo\\\/image\\\/\",\"url\":\"https:\\\/\\\/artoislittoral2.com\\\/wp-content\\\/uploads\\\/2025\\\/11\\\/cropped-cropped-bandeau-2025.jpg\",\"contentUrl\":\"https:\\\/\\\/artoislittoral2.com\\\/wp-content\\\/uploads\\\/2025\\\/11\\\/cropped-cropped-bandeau-2025.jpg\",\"width\":960,\"height\":365,\"caption\":\"ASA Artois Littoral 2\"},\"image\":{\"@id\":\"https:\\\/\\\/artoislittoral2.com\\\/#\\\/schema\\\/logo\\\/image\\\/\"}}]}<\/script>\n<!-- \/ Yoast SEO plugin. -->","yoast_head_json":{"title":"ROLIN Edouart - ASA Artois Littoral 2","robots":{"index":"index","follow":"follow","max-snippet":"max-snippet:-1","max-image-preview":"max-image-preview:large","max-video-preview":"max-video-preview:-1"},"canonical":"https:\/\/artoislittoral2.com\/index.php\/rolin-edouart\/","og_locale":"fr_FR","og_type":"article","og_title":"ROLIN Edouart - ASA Artois Littoral 2","og_description":"Edouard 24 ans et bient\u00f4t le quart de si\u00e8cle \ud83d\ude05Amateur de voiture depuis tout petit, j&rsquo;allais voir mes oncles sur plusieurs rallyes de la r\u00e9gion sur les \u00e9paules de ma m\u00e8re. J&rsquo;ai aussi de bons souvenirs des passages spectaculaire de C\u00e9dric Valentin avec la BMW M3, Laurent Bayard avec la Renault Clio F2014 ainsi que...","og_url":"https:\/\/artoislittoral2.com\/index.php\/rolin-edouart\/","og_site_name":"ASA Artois Littoral 2","article_modified_time":"2026-02-15T16:20:30+00:00","og_image":[{"width":1367,"height":1563,"url":"https:\/\/artoislittoral2.com\/wp-content\/uploads\/2026\/02\/portrait_rolin_edouart.jpg","type":"image\/jpeg"}],"twitter_card":"summary_large_image","twitter_misc":{"Dur\u00e9e de lecture estim\u00e9e":"3 minutes"},"schema":{"@context":"https:\/\/schema.org","@graph":[{"@type":"WebPage","@id":"https:\/\/artoislittoral2.com\/index.php\/rolin-edouart\/","url":"https:\/\/artoislittoral2.com\/index.php\/rolin-edouart\/","name":"ROLIN Edouart - ASA Artois Littoral 2","isPartOf":{"@id":"https:\/\/artoislittoral2.com\/#website"},"primaryImageOfPage":{"@id":"https:\/\/artoislittoral2.com\/index.php\/rolin-edouart\/#primaryimage"},"image":{"@id":"https:\/\/artoislittoral2.com\/index.php\/rolin-edouart\/#primaryimage"},"thumbnailUrl":"https:\/\/artoislittoral2.com\/wp-content\/uploads\/2026\/02\/portrait_rolin_edouart-262x300.jpg","datePublished":"2026-02-15T16:18:01+00:00","dateModified":"2026-02-15T16:20:30+00:00","breadcrumb":{"@id":"https:\/\/artoislittoral2.com\/index.php\/rolin-edouart\/#breadcrumb"},"inLanguage":"fr-FR","potentialAction":[{"@type":"ReadAction","target":["https:\/\/artoislittoral2.com\/index.php\/rolin-edouart\/"]}]},{"@type":"ImageObject","inLanguage":"fr-FR","@id":"https:\/\/artoislittoral2.com\/index.php\/rolin-edouart\/#primaryimage","url":"https:\/\/artoislittoral2.com\/wp-content\/uploads\/2026\/02\/portrait_rolin_edouart.jpg","contentUrl":"https:\/\/artoislittoral2.com\/wp-content\/uploads\/2026\/02\/portrait_rolin_edouart.jpg","width":1367,"height":1563},{"@type":"BreadcrumbList","@id":"https:\/\/artoislittoral2.com\/index.php\/rolin-edouart\/#breadcrumb","itemListElement":[{"@type":"ListItem","position":1,"name":"Accueil","item":"https:\/\/artoislittoral2.com\/"},{"@type":"ListItem","position":2,"name":"ROLIN Edouart"}]},{"@type":"WebSite","@id":"https:\/\/artoislittoral2.com\/#website","url":"https:\/\/artoislittoral2.com\/","name":"ASA Artois Littoral 2","description":"Bienvenue \u00e0 l&#039;ASA Artois Littoral II","publisher":{"@id":"https:\/\/artoislittoral2.com\/#organization"},"potentialAction":[{"@type":"SearchAction","target":{"@type":"EntryPoint","urlTemplate":"https:\/\/artoislittoral2.com\/?s={search_term_string}"},"query-input":{"@type":"PropertyValueSpecification","valueRequired":true,"valueName":"search_term_string"}}],"inLanguage":"fr-FR"},{"@type":"Organization","@id":"https:\/\/artoislittoral2.com\/#organization","name":"ASA Artois Littoral 2","url":"https:\/\/artoislittoral2.com\/","logo":{"@type":"ImageObject","inLanguage":"fr-FR","@id":"https:\/\/artoislittoral2.com\/#\/schema\/logo\/image\/","url":"https:\/\/artoislittoral2.com\/wp-content\/uploads\/2025\/11\/cropped-cropped-bandeau-2025.jpg","contentUrl":"https:\/\/artoislittoral2.com\/wp-content\/uploads\/2025\/11\/cropped-cropped-bandeau-2025.jpg","width":960,"height":365,"caption":"ASA Artois Littoral 2"},"image":{"@id":"https:\/\/artoislittoral2.com\/#\/schema\/logo\/image\/"}}]}},"jetpack_sharing_enabled":true,"_links":{"self":[{"href":"https:\/\/artoislittoral2.com\/index.php\/wp-json\/wp\/v2\/pages\/7754","targetHints":{"allow":["GET"]}}],"collection":[{"href":"https:\/\/artoislittoral2.com\/index.php\/wp-json\/wp\/v2\/pages"}],"about":[{"href":"https:\/\/artoislittoral2.com\/index.php\/wp-json\/wp\/v2\/types\/page"}],"author":[{"embeddable":true,"href":"https:\/\/artoislittoral2.com\/index.php\/wp-json\/wp\/v2\/users\/1"}],"replies":[{"embeddable":true,"href":"https:\/\/artoislittoral2.com\/index.php\/wp-json\/wp\/v2\/comments?post=7754"}],"version-history":[{"count":6,"href":"https:\/\/artoislittoral2.com\/index.php\/wp-json\/wp\/v2\/pages\/7754\/revisions"}],"predecessor-version":[{"id":7762,"href":"https:\/\/artoislittoral2.com\/index.php\/wp-json\/wp\/v2\/pages\/7754\/revisions\/7762"}],"wp:attachment":[{"href":"https:\/\/artoislittoral2.com\/index.php\/wp-json\/wp\/v2\/media?parent=7754"}],"curies":[{"name":"wp","href":"https:\/\/api.w.org\/{rel}","templated":true}]}}